--
-- Host: localhost    Database: personals_test_1
-- ------------------------------------------------------


--
-- Current Database: `personals_test_1`
--

CREATE DATABASE /*!32312 IF NOT EXISTS*/ `personals_test_1` /*!40100 DEFAULT CHARACTER SET utf8 */;

USE `personals_test_1`;

--
-- Table structure for table `sys_headlines`
--

CREATE TABLE `sys_headlines` (
  `id` int(11) NOT NULL auto_increment COMMENT 'key',
  `title` text COMMENT 'headline title text',
  `text` text COMMENT 'headline content text',
  `add_date` datetime default NULL COMMENT 'headline added date-time',
  `expire_date` date default NULL COMMENT 'headline expirity date (after the specified date passes, the headline is not displayed)',
  PRIMARY KEY  (`id`)
) ENGINE=MyISAM AUTO_INCREMENT=3 DEFAULT CHARSET=latin1;

--
-- Dumping data for table `sys_headlines`
--

INSERT INTO `sys_headlines` VALUES (1,'Burma\'s Suu Kyi claims innocence ','<style type=\"text/css\">\r\n<!--\r\n.clr {\r\n	color: #F00;\r\n}\r\n-->\r\n</style>\r\n\r\n<b>Burmese opposition leader Aung San Suu Kyi, on trial for breaking the terms of her house arrest, has told a court she committed no crime, her lawyer says.</b>\r\n\r\nShe spoke as prosecutors ended their case days earlier than expected, lawyer Nyan Win said.\r\n\r\nMs Suu Kyi had been due for release on 27 May, but the charges she faces carry a maximum of five years in jail.\r\n\r\nObservers say Burma\'s military rulers are using the charges to keep her in jail during an election due next year.\r\n\r\nShe faces an accusation that she allowed US national John Yettaw to stay in her home, breaching the conditions of her latest period of house arrest.\r\n\r\nMr Win said the presiding judge officially accepted the charges at the end of the prosecution case - which came much more rapidly than people had expected.\r\n\r\nProsecutors had been expected to call 22 witnesses, but the lawyer told the BBC\'s Burmese service that in the event far fewer had actually taken the stand.\r\n\r\nHe said the judge asked Ms Suu Kyi whether she was guilty, and she replied: \"I have no guilt as I didn\'t commit any crime.\"\r\n\r\nThe trial, which is being held behind closed doors at Rangoon\'s Insein jail, is expected resume on Monday when her defence will present its case. ','2009-05-08 03:10:08','2010-05-08'),(2,'New RC is under development','Now  we are working for next RC which will have a lot of bugfixes and new features implemented.','2009-05-10 03:10:08','2010-05-09');

--
-- Table structure for table `sys_menu`
--

CREATE TABLE `sys_menu` (
  `id` int(11) NOT NULL auto_increment COMMENT 'ID(PK)',
  `text` varchar(100) default NULL COMMENT 'The text to display',
  `qtip` varbinary(200) default NULL COMMENT 'Tool tip for each row',
  `tool_bar_id` varchar(50) default NULL COMMENT 'Toolbar id to group for functionalities',
  `leaf` tinyint(1) default '1' COMMENT 'Internal unsed value. Must be false always',
  `page_url` text COMMENT 'The page url associated with menu item',
  PRIMARY KEY  (`id`)
) ENGINE=MyISAM AUTO_INCREMENT=10 DEFAULT CHARSET=latin1;

--
-- Dumping data for table `sys_menu`
--

INSERT INTO `sys_menu` VALUES (1,'Authors','The list of authors','btnVocabulary',1,'pages/authors/authorsView.js'),(2,'Cities','A lsit of all possible cities','btnVocabulary',1,'pages/authors/citiesView.js'),(3,'Countries','A list of countries','btnVocabulary',1,'pages/authors/countriesView.js'),(4,'Editors','The editories','btnVocabulary',1,'pages/authors/editorsView.js'),(5,'Institut','The institution they are visiting','btnVocabulary',1,NULL),(6,'Languages','The languag in which oublication is written','btnGuids',1,NULL),(7,'Nationalitites','The nationality','btnGuids',1,NULL),(9,NULL,NULL,NULL,1,NULL);

--
-- Table structure for table `sys_tool_bar`
--

CREATE TABLE `sys_tool_bar` (
  `id` int(11) default NULL,
  `group_id` int(11) default NULL,
  `name` varchar(60) default NULL,
  `description` text,
  `query` text
) ENGINE=MyISAM DEFAULT CHARSET=latin1;

--
-- Dumping data for table `sys_tool_bar`
--


--
-- Table structure for table `table_authors`
--

CREATE TABLE `table_authors` (
  `record_code` int(10) unsigned NOT NULL auto_increment,
  `publication_code` int(10) unsigned default '0',
  `last_name` char(24) NOT NULL,
  `first_name` char(16) NOT NULL,
  `second_name` char(24) default NULL,
  `person_code` int(10) unsigned NOT NULL default '0',
  `order_in_authors_list` int(10) NOT NULL default '0' COMMENT 'порядковый номер автора в списке соавторов данной  статьи, начиная с 1. Если 0, то значит порядок не указан и нужно располагать в лексикогоафическом порядке по содержимому поля last_name - по фамилиям авторов',
  `is_validated` enum('0','1') NOT NULL default '0',
  PRIMARY KEY  (`record_code`)
) ENGINE=InnoDB AUTO_INCREMENT=92 DEFAULT CHARSET=utf8;

--
-- Dumping data for table `table_authors`
--

INSERT INTO `table_authors` VALUES (1,3,'Белявская','Г.','Б.',2,1,'0'),(2,3,'Непоту','И.','В.',101,2,'0'),(3,3,'Печерский','Ю.','Н.',25,3,'0'),(4,5,'Белявская','Г.','Б.',2,1,'0'),(5,5,'Печерский','Ю.','Н.',25,2,'0'),(6,12,'Белявская','Г.','Б.',2,1,'0'),(7,14,'Белявская','Г.','Б.',2,1,'0'),(8,16,'Белявская','Г.','Б.',2,0,'0'),(9,18,'Белявская','Г.','Б.',2,0,'0'),(10,19,'Белявская','Г.','Б.',2,0,'0'),(11,21,'Белявская','Г.','Б.',2,0,'0'),(12,22,'Белявская','Г.','Б.',2,0,'0'),(13,24,'Белявская','Г.','Б.',2,0,'0'),(14,26,'Белявская','Г.','Б.',2,0,'0'),(15,27,'Белявская','Г.','Б.',2,0,'0'),(16,28,'Белявская','Г.','Б.',2,1,'0'),(17,30,'Белявская','Г.','Б.',2,1,'1'),(18,32,'Белявская','Г.','Б.',2,0,'0'),(19,34,'Белявская','Г.','Б.',2,0,'0'),(20,36,'Белявская','Г.','Б.',2,0,'0'),(21,38,'Белявская','Г.','Б.',2,0,'0'),(22,40,'Белявская','Г.','Б.',2,0,'0'),(23,42,'Белявская','Г.','Б.',2,1,'1'),(24,43,'Белявская','Г.','Б.',2,0,'0'),(25,45,'Белявская','Г.','Б.',2,1,'0'),(26,47,'Beleavskaia','G.','',2,1,'0'),(27,48,'Белявская','Г.','Б.',2,1,'0'),(28,51,'Белявская','Г.','Б.',2,1,'1'),(29,52,'Белявская','Г.','Б.',2,0,'0'),(30,54,'Белявская','Г.','Б.',2,1,'1'),(31,56,'Белявская','Г.','Б.',2,1,'1'),(32,57,'Белявская','Г.','Б.',2,0,'1'),(33,59,'Белявская','Г.','Б.',2,0,'1'),(34,62,'Белявская','Г.','Б.',2,1,'1'),(35,63,'Белявская','Г.','Б.',2,0,'0'),(36,65,'Белявская','Г.','Б.',2,0,'0'),(37,67,'Белявская','Г.','Б.',2,0,'0'),(38,69,'Белявская','Г.','Б.',2,0,'0'),(39,71,'Белявская','Г.','Б.',2,0,'0'),(40,73,'Белявская','Г.','Б.',2,1,'1'),(41,75,'Белявская','Г.','Б.',2,0,'0'),(42,76,'Белявская','Г.','Б.',2,1,'1'),(43,78,'Beleavskaia','G.','',2,1,'1'),(44,79,'Beleavskaia','G.','',2,1,'1'),(45,82,'Белявская','Г.','Б.',2,0,'0'),(46,84,'Белявская','Г.','Б.',2,0,'0'),(47,86,'Белявская','Г.','Б.',2,0,'0'),(48,87,'Белявская','Г.','Б.',2,0,'0'),(49,80,'Белявская','Г.','Б.',2,0,'0'),(50,7,'Белявская','Г.','Б.',2,1,'0'),(51,7,'Непоту','И.','В.',101,2,'0'),(52,7,'Печерский','Ю.','Н.',25,3,'0'),(53,7,'Синегуб','В.','В.',101,4,'0'),(54,7,'Степанов','А.','Ф.',100,5,'0'),(55,8,'Белявская','Г.','Б.',2,1,'0'),(56,8,'Базиленко','О.','К.',101,2,'0'),(57,10,'Белявская','Г.','Б.',2,1,'0'),(58,10,'Печерский','Ю.','Н.',25,2,'0'),(59,12,'Мельник','А.','А.',101,2,'0'),(60,12,'Мирошников','В.','И.',101,3,'0'),(61,12,'Печерский','Ю.','Н.',25,4,'0'),(62,14,'Базиленко','О.','К.',101,2,'0'),(63,16,'Белоусов','В.','Д.',100,0,'0'),(64,25,'Белявская','Г.','Б.',2,1,'0'),(65,25,'Чебан','А.','М.',101,2,'1'),(66,26,'Чебан','А.','М.',101,2,'1'),(67,27,'Чебан','А.','М.',101,2,'1'),(68,28,'Китороагэ','М.','Д.',101,2,'0'),(69,30,'Чебан','А.','М.',101,2,'1'),(70,35,'Белявская','Г.','Б.',2,1,'1'),(71,36,'Белоусов','В.','Д.',100,0,'1'),(72,39,'Руссу','А.','Ф.',101,2,'1'),(73,39,'Белявская','Г.','Б.',2,1,'1'),(74,41,'Белявская','Г.','Б.',2,1,'1'),(75,42,'Руссу','А.','Ф.',101,2,'1'),(76,44,'Beleavskaia','G.','',2,1,'0'),(77,45,'Муратхуджаев','С.','',101,2,'0'),(78,48,'Муратхуджаев','С.','',101,2,'0'),(79,47,'Murathudjaev','S.','',101,2,'0'),(80,49,'Белявская','Г.','Б.',2,1,'1'),(81,56,'Муратхуджаев','С.','',101,2,'1'),(82,60,'Лумпов','А.','Д.',101,2,'1'),(83,60,'Белявская','Г.','Б.',2,1,'1'),(84,66,'Белявская','Г.','Б.',2,1,'1'),(85,66,'Назарок','А.','В.',101,2,'1'),(86,68,'Белявская','Г.','Б.',2,1,'1'),(87,70,'Белявская','Г.','Б.',2,1,'1'),(88,72,'Белявская','Г.','Б.',2,2,'0'),(89,72,'Белоусов','В.','Д.',100,1,'0'),(90,73,'Сырбу','П.','Н.',99,2,'1'),(91,75,'Лумпов','А.','Д.',101,2,'1');

--
-- Table structure for table `table_award_type`
--

CREATE TABLE `table_award_type` (
  `award_type_code` int(10) unsigned NOT NULL auto_increment COMMENT 'код типа награды',
  `award_type_name` varchar(64) NOT NULL default 'datele lipsesc' COMMENT 'название типа награды',
  `is_validated` enum('0','1') NOT NULL default '0',
  PRIMARY KEY  (`award_type_code`)
) ENGINE=InnoDB AUTO_INCREMENT=6 DEFAULT CHARSET=utf8 COMMENT='Типы наград для сотрудников учреждения';

--
-- Dumping data for table `table_award_type`
--

INSERT INTO `table_award_type` VALUES (1,'datele lipsesc','1'),(2,'titluri onorifice','1'),(3,'premii de stat','1'),(4,'premii de stat pentru tineret','1'),(5,'premii ştiinţifice şi diplome','1');

--
-- Table structure for table `table_awards`
--

CREATE TABLE `table_awards` (
  `award_code` int(10) unsigned NOT NULL auto_increment COMMENT 'код награды',
  `award_type_code` int(10) unsigned NOT NULL default '1' COMMENT 'код типа награды',
  `award_name` varchar(255) NOT NULL default 'datele lipsesc' COMMENT 'название награды',
  `is_validated` enum('0','1') NOT NULL default '0',
  PRIMARY KEY  (`award_code`)
) ENGINE=InnoDB AUTO_INCREMENT=17 DEFAULT CHARSET=utf8 COMMENT='названия наград';

--
-- Dumping data for table `table_awards`
--

INSERT INTO `table_awards` VALUES (1,1,'datele lipsesc','1'),(2,2,'datele lipsesc','1'),(3,3,'datele lipsesc','1'),(4,4,'datele lipsesc','1'),(5,5,'datele lipsesc','1'),(6,2,'Om Emerit în ştiinţa','1'),(7,2,'Membru corespondent al A.Ş.R.M.','1'),(8,2,'Membru de Onoare al Academiei Internaţionale de Informatizare','1'),(9,3,'Premiul de Stat al Republicii Moldova','1'),(10,3,'Premiul de Stat în domeniul ştiinţei şi Tehnicii','1'),(11,4,'Premiul de Stat pentru tineret','1'),(12,4,'Premiul \"Boris Glavan\" al comsomolului din Moldova','1'),(13,4,'Premiul al Prezidiului A.Ş.R.M. pentru tineri savanţi','1'),(14,5,'Premiul Prezidiului Academiei de ştiinţa pentru tinerii savanţi','1'),(15,5,'Premiul Institutului de Matimatică şi Informatică al A.Ş.R.M.','1'),(16,5,'Diploma Prezidiumului A.Ş.R.M.','1');

--
-- Table structure for table `table_city`
--

CREATE TABLE `table_city` (
  `city_code` int(10) unsigned NOT NULL auto_increment,
  `country_code` int(10) unsigned NOT NULL default '0',
  `city_name` char(36) NOT NULL,
  `is_validated` enum('0','1') NOT NULL default '0',
  PRIMARY KEY  (`city_code`)
) ENGINE=InnoDB AUTO_INCREMENT=30 DEFAULT CHARSET=utf8 ROW_FORMAT=FIXED;

--
-- Dumping data for table `table_city`
--

INSERT INTO `table_city` VALUES (1,1,'Datele lipsesc','1'),(2,2,'Datele lipsesc','1'),(3,3,'Datele lipsesc','1'),(4,2,'Minsk','1'),(5,4,'Datele lipsesc','1'),(6,5,'Datele lipsesc','1'),(7,3,'Chişinău','1'),(8,6,'Datele lipsesc','1'),(9,3,'Tiraspol','1'),(10,4,'Gorikii','1'),(11,4,'Moscova','1'),(12,4,'Novosibirsk','1'),(13,4,'Sankt-Petersburg','1'),(14,4,'Tomsk','1'),(15,5,'Kiev','1'),(16,5,'Odesa','1'),(17,5,'Viniţa','1'),(18,3,'Bălţi','1'),(19,5,'Doneţk','1'),(20,6,'Taşkent','1'),(21,7,'Riga','1'),(22,8,'Baku','1'),(23,2,'Gomel','1'),(24,9,'Belgrad','1'),(25,10,'Datele lipsesc','1'),(26,11,'Scopje','1'),(27,5,'Львов','0'),(28,12,'Jadwisin','1'),(29,13,'Iaşi','1');

--
-- Table structure for table `table_collection_of_publ`
--

CREATE TABLE `table_collection_of_publ` (
  `collection_name_code` int(10) unsigned NOT NULL auto_increment,
  `collection_type_code` int(10) unsigned NOT NULL default '0',
  `if_foreign_code` int(10) unsigned default NULL,
  `collection_name` char(255) NOT NULL default 'datele lipsesc',
  `year` char(16) NOT NULL default 'datele lipsesc',
  `number_of_pages` char(16) NOT NULL default 'datele lipsesc',
  `editor_code` int(10) unsigned NOT NULL default '0',
  `language_code` int(10) unsigned default '5' COMMENT 'язык публикации',
  `is_validated` enum('0','1') NOT NULL default '0',
  PRIMARY KEY  (`collection_name_code`)
) ENGINE=InnoDB AUTO_INCREMENT=81 DEFAULT CHARSET=utf8 ROW_FORMAT=FIXED;

--
-- Dumping data for table `table_collection_of_publ`
--

INSERT INTO `table_collection_of_publ` VALUES (1,1,NULL,'datele lipsesc','datele lipsesc','datele lipsesc',1,5,'1'),(2,12,3,'Материалы научно-технической конференции по применению вычислительной техники Кишинев, 1964','1964','datele lipsesc',7,1,'1'),(4,12,3,'Материалы IV конференции молодых ученых Молдавии, Кишинев, 1965','1965','datele lipsesc',7,1,'1'),(6,12,3,'Материалы II научно-технической республиканской конференции, Кишинев, 1965','1965','datele lipsesc',7,1,'1'),(9,13,3,'Сборник \"Синтез дискретных автоматов\", АН Латв. ССР, Рига, 1965','1965','datele lipsesc',22,1,'1'),(11,12,3,'Тезисы Всесоюзного коллоквиума по автоматизации синтеза дискретных вычислительных устройств, Кишинев, 1966','1966','datele lipsesc',7,1,'1'),(13,12,3,'Материалы Всесоюзной конференции по теории кодирования и надежности. Баку, 1965','1965','datele lipsesc',23,1,'1'),(15,12,3,'Тезисы IX Всесоюзного коллоквиума по алгебре, Гомель, 1968','1968','datele lipsesc',24,1,'1'),(17,26,3,'Известия Академии Наук Молдавской ССР (серия физико-технических и математических наук)','n/a','n/a',25,1,'1'),(20,28,3,'Математические  исследования','n/a','n/a',25,1,'1'),(23,29,3,'Сборник \"Вопросы теории квазигрупп и луп\"','1970','datele lipsesc',25,1,'1'),(29,29,3,'Сборник  \"Исследования по теории квазигрупп и луп\"','1973','datele lipsesc',25,1,'1'),(31,12,3,'Тезисы XII Всесоюзного алгебраического коллоквиума, Свердловск, 1973','1973','datele lipsesc',1,1,'1'),(33,28,3,'Сборник \"Комбинаторный анализ\", Москва, МГУ','1974','datele lipsesc',26,1,'1'),(37,14,2,'Тезисы Международного симпозиума по теории квазигрупп и функциональным уравнениям, Белград, 1974','1974','datele lipsesc',27,5,'1'),(43,14,2,'Тезисы V Венгерского коллоквиума по комбинаторике, 1976','1976','datele lipsesc',1,3,'1'),(46,15,2,'Proceed. \"Colloquium Math. Soc. J.Bolyai 18. Combinatorics\", Hungary, 1976','1976','datele lipsesc',28,3,'1'),(50,12,3,'Материалы XVI Всесоюзной Алгебраической конференции, Ленинград, 1981','1981','datele lipsesc',13,1,'1'),(53,26,2,'Журнал, Мат. заметки, Москва','1982','datele lipsesc',11,1,'1'),(55,14,2,'Proceedings of the Symposium \"n-ary Structures\" (Skopje, 1982)','1982','datele lipsesc',29,3,'1'),(58,12,3,'Тезисы сообщений XVII Всесоюзной алгебраической конференции, Минск, 1983','1983','datele lipsesc',4,1,'1'),(61,12,3,'Тезисы сообщений XVIII Всесоюзной алгебраической конференции, Кишинев, 1985','1985','datele lipsesc',7,1,'1'),(64,12,3,'Тезисы сообщений XIX Всесоюзной алгебраической конференции, Львов, 1987','1987','datele lipsesc',30,1,'1'),(74,14,2,'Тезисы сообщений Международной конференции по алгебре, Новосибирск, 1989','1989','datele lipsesc',12,1,'1'),(77,14,2,'Abstracts of International Conf. «Universal algebra, quasigroups and related systems», Jadwisin, Poland ,1989','1989','datele lipsesc',31,3,'1'),(80,0,NULL,'','datele lipsesc','datele lipsesc',0,5,'0');

--
-- Table structure for table `table_collection_type`
--

CREATE TABLE `table_collection_type` (
  `collection_type_code` int(10) unsigned NOT NULL auto_increment,
  `collection_type_name` char(61) NOT NULL,
  `is_validated` enum('0','1') NOT NULL default '0',
  PRIMARY KEY  (`collection_type_code`)
) ENGINE=InnoDB AUTO_INCREMENT=34 DEFAULT CHARSET=utf8 ROW_FORMAT=FIXED;

--
-- Dumping data for table `table_collection_type`
--

INSERT INTO `table_collection_type` VALUES (1,'Datele lipsesc','0'),(6,'Monografie','0'),(12,'Culegere tezelor ale referatelor la conferinţe naţionale','0'),(13,'Culegere lucrărilor la conferinţe naţionale','0'),(14,'Culegere tezelor ale referatelor la conferinţe internaţionale','0'),(15,'Culegere lucrărilor la conferinţe internaţionale','0'),(20,'Traducerea cărţii','0'),(23,'Cartea ştiinţifico-populară','0'),(24,'Enciclopedie','0'),(26,'Revista recenziată','0'),(27,'Revista nerecenziată','0'),(28,'Culegere recenziată','0'),(29,'Culegere nerecenziată','0'),(31,'Raport tehnic recenzat','0'),(32,'Raport tehnic nerecenzat','0'),(33,'N/A','0');

--
-- Table structure for table `table_country`
--

CREATE TABLE `table_country` (
  `country_code` int(10) unsigned NOT NULL auto_increment,
  `country_name` char(36) NOT NULL,
  `is_validated` enum('0','1') NOT NULL default '0',
  PRIMARY KEY  (`country_code`)
) ENGINE=InnoDB AUTO_INCREMENT=14 DEFAULT CHARSET=utf8;

--
-- Dumping data for table `table_country`
--

INSERT INTO `table_country` VALUES (1,'Datele lipsesc','1'),(2,'Belarus','1'),(3,'Moldova','1'),(4,'Rusia','1'),(5,'Ucraina','1'),(6,'Uzbekistan','1'),(7,'Letonia','1'),(8,'Azerbaijan','1'),(9,'Serbia','1'),(10,'Hungary','1'),(11,'Macedonia','1'),(12,'Poland','1'),(13,'România','1');

--
-- Table structure for table `table_currency`
--

CREATE TABLE `table_currency` (
  `currency_code` int(11) NOT NULL auto_increment,
  `currency_name` char(32) NOT NULL,
  `is_validated` enum('0','1') NOT NULL default '0',
  PRIMARY KEY  (`currency_code`)
) ENGINE=InnoDB AUTO_INCREMENT=4 DEFAULT CHARSET=utf8;

--
-- Dumping data for table `table_currency`
--

INSERT INTO `table_currency` VALUES (1,'MDL','1'),(2,'EUR','1'),(3,'USD','1');

--
-- Table structure for table `table_diplom_speciality`
--

CREATE TABLE `table_diplom_speciality` (
  `diplom_speciality_code` int(10) unsigned NOT NULL auto_increment,
  `diplom_speciality_name` char(40) NOT NULL,
  `is_validated` enum('0','1') NOT NULL default '0',
  PRIMARY KEY  (`diplom_speciality_code`)
) ENGINE=InnoDB AUTO_INCREMENT=9 DEFAULT CHARSET=utf8;

--
-- Dumping data for table `table_diplom_speciality`
--

INSERT INTO `table_diplom_speciality` VALUES (1,'Datele lipsesc','1'),(2,'Automatică şi informatică','1'),(3,'Cibernetică şi informatică economică','1'),(4,'Fizică','1'),(5,'Fizică, matematică','1'),(6,'Matematică','1'),(7,'Matematică aplicată','1'),(8,'Sisteme radioelectronice','1');

--
-- Table structure for table `table_dis_opponents`
--

CREATE TABLE `table_dis_opponents` (
  `record_code` int(10) unsigned NOT NULL auto_increment,
  `dis_code` int(10) unsigned NOT NULL default '0',
  `person_code` int(10) unsigned NOT NULL default '0',
  `dis_role_code` int(10) unsigned NOT NULL default '0',
  `is_validated` enum('0','1') NOT NULL default '0',
  PRIMARY KEY  (`record_code`)
) ENGINE=InnoDB AUTO_INCREMENT=6 DEFAULT CHARSET=utf8;

--
-- Dumping data for table `table_dis_opponents`
--

INSERT INTO `table_dis_opponents` VALUES (1,1,1,2,'0'),(2,2,2,4,'0'),(3,6,3,3,'0'),(4,3,4,1,'0'),(5,6,2,2,'0');

--
-- Table structure for table `table_dis_role`
--

CREATE TABLE `table_dis_role` (
  `dis_role_code` int(10) unsigned NOT NULL auto_increment,
  `dis_role_name` char(32) NOT NULL,
  `is_validated` enum('0','1') NOT NULL default '0',
  PRIMARY KEY  (`dis_role_code`)
) ENGINE=InnoDB AUTO_INCREMENT=5 DEFAULT CHARSET=utf8;

--
-- Dumping data for table `table_dis_role`
--

INSERT INTO `table_dis_role` VALUES (1,'Datele lipsesc','0'),(2,'Conducător ştiinţific','0'),(3,'Referent oficial','0'),(4,'Consultant ştiinţific','0');

--
-- Table structure for table `table_dis_type`
--

CREATE TABLE `table_dis_type` (
  `dis_type_code` int(10) unsigned NOT NULL auto_increment,
  `dis_type_name` char(16) NOT NULL,
  `is_validated` enum('0','1') NOT NULL default '0',
  PRIMARY KEY  (`dis_type_code`)
) ENGINE=InnoDB AUTO_INCREMENT=5 DEFAULT CHARSET=utf8;

--
-- Dumping data for table `table_dis_type`
--

INSERT INTO `table_dis_type` VALUES (1,'doctor','1'),(2,'doctor habilitat','1'),(3,'nu are','0'),(4,'datele lipsesc','1');

--
-- Table structure for table `table_division`
--

CREATE TABLE `table_division` (
  `division_code` int(10) unsigned NOT NULL auto_increment COMMENT 'код секции',
  `division_name` varchar(64) NOT NULL default 'Datele lipsesc' COMMENT 'название секции',
  `start_date` date default NULL COMMENT 'дата создания секции: NULL означает Datele lipsesc, 0000-00-00 означает до настоящего времени (не должно быть в этом поле)',
  `end_date` date default '0000-00-00' COMMENT 'дата ликвидации секции: NULL означает Datele lipsesc, 0000-00-00 означает до настоящего времени',
  `is_validated` enum('0','1') NOT NULL default '0' COMMENT 'признак проверены ли и утверждены данные ответственным административным лицом: 0 - нет, 1 - да',
  PRIMARY KEY  (`division_code`)
) ENGINE=InnoDB AUTO_INCREMENT=8 DEFAULT CHARSET=utf8 COMMENT='список секций учреждения';

--
-- Dumping data for table `table_division`
--

INSERT INTO `table_division` VALUES (1,'Datele lipsesc',NULL,'0000-00-00','0'),(2,'Informaţia se referă la nivelul \"Instituţia\" în total',NULL,'0000-00-00','0'),(3,'Matematică teoretică',NULL,NULL,'0'),(4,'Matematică aplicată',NULL,NULL,'0'),(5,'Informatică',NULL,NULL,'0'),(6,'Direcţia (administraţia)',NULL,'0000-00-00','0'),(7,'Contabilitatea',NULL,'0000-00-00','0');

--
-- Table structure for table `table_domain`
--

CREATE TABLE `table_domain` (
  `domain_code` int(10) unsigned NOT NULL auto_increment,
  `domain_name` char(45) NOT NULL default 'datele lipsesc',
  `is_validated` enum('0','1') NOT NULL default '0',
  PRIMARY KEY  (`domain_code`)
) ENGINE=InnoDB AUTO_INCREMENT=5 DEFAULT CHARSET=utf8;

--
-- Dumping data for table `table_domain`
--

INSERT INTO `table_domain` VALUES (1,'Datele lipsesc','1'),(2,'01.00.00 Ştiinţe fizico-matematice','1'),(3,'05.00.00 Ştiinţe tehnice','1'),(4,'08.00.00 Ştiinţe economice','1');

--
-- Table structure for table `table_domain_for_titlu`
--

CREATE TABLE `table_domain_for_titlu` (
  `domain_for_titlu_code` int(10) unsigned NOT NULL auto_increment,
  `domain_for_titlu_name` char(32) NOT NULL,
  `is_validated` enum('0','1') NOT NULL default '0',
  PRIMARY KEY  (`domain_for_titlu_code`)
) ENGINE=InnoDB AUTO_INCREMENT=5 DEFAULT CHARSET=utf8;

--
-- Dumping data for table `table_domain_for_titlu`
--

INSERT INTO `table_domain_for_titlu` VALUES (1,'datele lipsesc','1'),(2,'ştiinţe fizico-matematice','1'),(3,'ştiinţe tehnice','1'),(4,'ştiinţe economice','1');

--
-- Table structure for table `table_domain_foreign`
--

CREATE TABLE `table_domain_foreign` (
  `domain_foreign_code` int(10) unsigned NOT NULL auto_increment,
  `domain_foreign_name` char(32) NOT NULL default 'N/A',
  `is_validated` enum('0','1') NOT NULL default '0',
  PRIMARY KEY  (`domain_foreign_code`)
) ENGINE=InnoDB AUTO_INCREMENT=5 DEFAULT CHARSET=utf8;

--
-- Dumping data for table `table_domain_foreign`
--

INSERT INTO `table_domain_foreign` VALUES (1,'xxx-Ştiinţe fizico-matematice','0'),(2,'xxx-Ştiinţe tehnice','0'),(3,'xxx-Ştiinţe economice','0'),(4,'N/A','0');

--
-- Table structure for table `table_domain_to_speciality`
--

CREATE TABLE `table_domain_to_speciality` (
  `record_code` int(11) NOT NULL auto_increment,
  `speciality_code` int(10) unsigned NOT NULL default '1',
  `domain_for_titlu_code` int(10) unsigned NOT NULL default '1',
  `Is_validated` enum('0','1') NOT NULL default '0',
  PRIMARY KEY  (`record_code`)
) ENGINE=InnoDB AUTO_INCREMENT=35 DEFAULT CHARSET=utf8;

--
-- Dumping data for table `table_domain_to_speciality`
--

INSERT INTO `table_domain_to_speciality` VALUES (1,1,1,'0'),(2,1,2,'0'),(3,1,3,'0'),(4,1,4,'0'),(5,4,2,'0'),(6,5,2,'0'),(7,6,2,'0'),(8,7,2,'0'),(9,8,2,'0'),(10,9,1,'0'),(11,10,1,'0'),(12,11,2,'0'),(13,13,1,'0'),(14,14,1,'0'),(15,15,1,'0'),(16,16,1,'0'),(17,17,1,'0'),(18,20,1,'0'),(19,22,1,'0'),(20,23,1,'0'),(21,24,1,'0'),(22,25,1,'0'),(23,26,3,'0'),(24,28,1,'0'),(25,43,2,'0'),(26,43,1,'0'),(27,44,2,'0'),(28,45,3,'0'),(29,46,1,'0'),(30,47,2,'0'),(31,47,3,'0'),(32,26,3,'0'),(33,48,3,'0'),(34,41,4,'0');

--
-- Table structure for table `table_editor`
--

CREATE TABLE `table_editor` (
  `editor_code` int(10) unsigned NOT NULL auto_increment,
  `city_code` int(10) unsigned NOT NULL default '0',
  `editor_name` char(50) NOT NULL default 'Datele lipsesc',
  `is_validated` enum('0','1') NOT NULL default '0',
  PRIMARY KEY  (`editor_code`)
) ENGINE=InnoDB AUTO_INCREMENT=35 DEFAULT CHARSET=utf8;

--
-- Dumping data for table `table_editor`
--

INSERT INTO `table_editor` VALUES (1,1,'Datele lipsesc','1'),(2,2,'Datele lipsesc','1'),(3,3,'Datele lipsesc','1'),(4,4,'Datele lipsesc','1'),(5,5,'Datele lipsesc','1'),(6,6,'Datele lipsesc','1'),(7,7,'Datele lipsesc','1'),(8,8,'Datele lipsesc','1'),(9,9,'Datele lipsesc','1'),(10,10,'Datele lipsesc','1'),(11,11,'Datele lipsesc','1'),(12,12,'Datele lipsesc','1'),(13,13,'Datele lipsesc','1'),(14,14,'Datele lipsesc','1'),(15,15,'Datele lipsesc','1'),(16,16,'Datele lipsesc','1'),(17,17,'Datele lipsesc','1'),(18,18,'Datele lipsesc','1'),(19,19,'Datele lipsesc','1'),(20,20,'Datele lipsesc','1'),(21,21,'Datele lipsesc','1'),(22,21,'Ed. Academiei de Ştiinţa din Letonia','0'),(23,22,'Datele lipsesc','1'),(24,23,'Datele lipsesc','1'),(25,7,'Ştiinţa','1'),(26,11,'Москва: МГУ','1'),(27,24,'Datele lipsesc','1'),(28,25,'Datele lipsesc','1'),(29,26,'Macedonian Academy of Sciences and Arts','1'),(30,27,'Datele lipsesc','1'),(31,28,'Datele lipsesc','1'),(32,7,'Centrul Editorial al USM','1'),(33,7,'Complexul Editorial Poligrafic USM','1'),(34,29,'Editura Universităţii \"Al.I.Cuza\"','1');

--
-- Table structure for table `table_fin_fond`
--

CREATE TABLE `table_fin_fond` (
  `fin_fond_code` int(11) NOT NULL auto_increment,
  `fin_fond_name` char(64) NOT NULL,
  `is_validated` enum('0','1') NOT NULL default '0',
  PRIMARY KEY  (`fin_fond_code`)
) ENGINE=InnoDB AUTO_INCREMENT=17 DEFAULT CHARSET=utf8;

--
-- Dumping data for table `table_fin_fond`
--

INSERT INTO `table_fin_fond` VALUES (1,'INTAS','1'),(2,'STCU','1'),(3,'MRDA','1'),(4,'Proiect instituţional','0'),(5,'Program de Stat','0'),(6,'NATO','0'),(7,'UNESCO','0'),(8,'UNDP','0'),(9,'Academia Regală Suedeză','0'),(10,'Consiliul Suprem pentru Ştiinţă şi Dezvoltare Tehnologică','0'),(11,'Fundaţia SOROS','0'),(12,'Programul FICU','0'),(13,'TACIS','0'),(14,'Fundaţia Eurasia','0'),(15,'CRDF','0'),(16,'FCFFR','0');

--
-- Table structure for table `table_forum_participation`
--

CREATE TABLE `table_forum_participation` (
  `record_code` int(11) NOT NULL auto_increment,
  `person_code` int(10) unsigned NOT NULL default '0',
  `forum_code` int(11) NOT NULL,
  `forum_participation_type_code` int(11) NOT NULL,
  `is_validated` enum('0','1') NOT NULL default '0',
  PRIMARY KEY  (`record_code`)
) ENGINE=InnoDB DEFAULT CHARSET=utf8;

--
-- Dumping data for table `table_forum_participation`
--


--
-- Table structure for table `table_forum_participation_type`
--

CREATE TABLE `table_forum_participation_type` (
  `forum_participation_type_code` int(11) NOT NULL auto_increment,
  `forum_participation_type_name` char(64) NOT NULL,
  `is_validated` enum('0','1') NOT NULL default '0',
  PRIMARY KEY  (`forum_participation_type_code`)
) ENGINE=InnoDB AUTO_INCREMENT=15 DEFAULT CHARSET=utf8;

--
-- Dumping data for table `table_forum_participation_type`
--

INSERT INTO `table_forum_participation_type` VALUES (1,'организатор семинара','0'),(2,'член оргкомитета','0'),(3,'член программного комитета','0'),(4,'председатель секции','0'),(5,'постер','0'),(6,'пленарный доклад','0'),(7,'секционный доклад','0'),(8,'приглашенный докладчик','0'),(9,'организатор секции','0'),(10,'просто присутствие','0'),(11,'проведение лекции (если это школа)','0'),(12,'для выставки — участие с экспозицией или что???','0'),(13,'содокладчик','0'),(14,'руководитель семинара','0');

--
-- Table structure for table `table_forum_type`
--

CREATE TABLE `table_forum_type` (
  `forum_type_code` int(11) NOT NULL auto_increment,
  `forum_type_name` char(64) NOT NULL,
  `is_validated` enum('0','1') NOT NULL default '0',
  PRIMARY KEY  (`forum_type_code`)
) ENGINE=InnoDB AUTO_INCREMENT=10 DEFAULT CHARSET=utf8;

--
-- Dumping data for table `table_forum_type`
--

INSERT INTO `table_forum_type` VALUES (1,'выставка','0'),(2,'конференция межд или нет будем вводить 2 типа?','0'),(3,'семинар','0'),(4,'workshop','0'),(5,'симпозиум','0'),(6,'конгресс','0'),(7,'школа','0'),(8,'круглый стол','0'),(9,'Datele lipsesc','0');

--
-- Table structure for table `table_forums`
--

CREATE TABLE `table_forums` (
  `record_code` int(11) NOT NULL auto_increment,
  `if_foreign_code` int(11) unsigned default '1',
  `forum_type_code` int(11) unsigned default '9',
  `forum_name` char(255) default NULL,
  `start_date` date NOT NULL,
  `end_date` date NOT NULL,
  `city_code` int(11) default '1',
  `organizers` char(255) default NULL,
  `is_validated` enum('0','1') NOT NULL default '0',
  PRIMARY KEY  (`record_code`)
) ENGINE=InnoDB DEFAULT CHARSET=utf8;

--
-- Dumping data for table `table_forums`
--


--
-- Table structure for table `table_if_foreign`
--

CREATE TABLE `table_if_foreign` (
  `if_foreign_code` int(10) unsigned NOT NULL auto_increment,
  `if_foreign_name` char(36) default NULL,
  `is_validated` enum('0','1') NOT NULL default '0',
  PRIMARY KEY  (`if_foreign_code`)
) ENGINE=InnoDB AUTO_INCREMENT=4 DEFAULT CHARSET=utf8;

--
-- Dumping data for table `table_if_foreign`
--

INSERT INTO `table_if_foreign` VALUES (1,'Datele lipsesc','0'),(2,'Internaţională','0'),(3,'Naţională','0');

--
-- Table structure for table `table_institution`
--

CREATE TABLE `table_institution` (
  `institution_code` int(10) unsigned NOT NULL auto_increment,
  `city_code` int(10) unsigned NOT NULL default '0',
  `institution_name` char(200) NOT NULL,
  `is_validated` enum('0','1') NOT NULL default '0',
  PRIMARY KEY  (`institution_code`)
) ENGINE=InnoDB AUTO_INCREMENT=45 DEFAULT CHARSET=utf8;

--
-- Dumping data for table `table_institution`
--

INSERT INTO `table_institution` VALUES (1,1,'Datele lipsesc','1'),(2,2,'Datele lipsesc','1'),(3,3,'Datele lipsesc','1'),(4,4,'Datele lipsesc','1'),(5,5,'Datele lipsesc','1'),(6,6,'Datele lipsesc','1'),(7,7,'Datele lipsesc','1'),(8,8,'Datele lipsesc','1'),(9,9,'Datele lipsesc','1'),(10,10,'Datele lipsesc','1'),(11,11,'Datele lipsesc','1'),(12,12,'Datele lipsesc','1'),(13,13,'Datele lipsesc','1'),(14,14,'Datele lipsesc','1'),(15,15,'Datele lipsesc','1'),(16,16,'Datele lipsesc','1'),(17,17,'Datele lipsesc','1'),(18,18,'Datele lipsesc','1'),(19,19,'Datele lipsesc','1'),(20,20,'Datele lipsesc','1'),(21,11,'Centrul de Calcul al A.Ş.','1'),(22,11,'Institutul Central Economico-Matematic al A.Ş.','1'),(23,11,'Institutul de Acustică acad. \"N.N.Andreev\"','1'),(24,4,'Institutul de Cibernetica Tehnică al A.Ş. din Belarusi','1'),(25,15,'Institutul de Cibernetică al A.Ş. din Ucraina','1'),(26,7,'Institutul de Fizică Aplicată al A.Ş.','1'),(27,20,'Institutul de Macanică al \"Urazbaev\" al A.Ş. Uzbechistan','1'),(28,11,'Institutul de Matematică \"V.A.Steklov\"','1'),(29,15,'Institutul de Matematică al A.Ş. din Ucraina','1'),(30,12,'Institutul de Matematică al Secţiei Siberiene a A.Ş. a URSS','1'),(31,19,'Institutul de Matematică Aplicată şi Mecanică a A.Ş. din Ucraina','1'),(32,7,'Institutul de Matematică şi Informatică al A.Ş.','1'),(33,15,'Universitatea de Stat','1'),(34,13,'Universitatea de Stat','1'),(35,16,'Universitatea de Stat \"I.Mecinicov\"','1'),(36,11,'Universitatea de Stat \"M.V.Lomonosov\"','1'),(37,10,'Universitatea de Stat din Gorkii','1'),(38,7,'Universitatea de Stat din Moldova','1'),(39,7,'Universitatea Liberă Internaţională','1'),(40,7,'Universitatea Tehnică','1'),(41,11,'Universitatea Tehnică de Stat \"N.Bauman\"','1'),(42,7,'Academie de Muzică, Teatru şi Arte Plastice','0'),(43,7,'IEFS','0'),(44,7,'CNAA','0');

--
-- Table structure for table `table_intern_ident_number`
--

CREATE TABLE `table_intern_ident_number` (
  `intern_identif_number_code` int(10) unsigned NOT NULL auto_increment COMMENT 'код международного регистрационного номера книги, журнала и т.д.',
  `intern_identif_number` varchar(64) default 'n/a' COMMENT 'not applicable - какой возьмем румынский эквивалент?',
  `publication_code` int(10) unsigned NOT NULL default '0',
  `is_validated` enum('0','1') default '0',
  PRIMARY KEY  (`intern_identif_number_code`)
) ENGINE=InnoDB AUTO_INCREMENT=5 DEFAULT CHARSET=utf8 COMMENT='связывает международные регистрационные номера с книгами,жур';

--
-- Dumping data for table `table_intern_ident_number`
--

INSERT INTO `table_intern_ident_number` VALUES (1,'n/a',0,'0'),(2,'Datele lipsesc',0,'0'),(3,'fără cod',0,'0'),(4,'ISSN 1561-4042',0,'0');

--
-- Table structure for table `table_language`
--

CREATE TABLE `table_language` (
  `language_code` int(10) unsigned NOT NULL auto_increment,
  `language_name` char(16) NOT NULL,
  `is_validated` enum('0','1') NOT NULL default '0',
  PRIMARY KEY  (`language_code`)
) ENGINE=InnoDB AUTO_INCREMENT=6 DEFAULT CHARSET=utf8;

--
-- Dumping data for table `table_language`
--

INSERT INTO `table_language` VALUES (1,'rusă','0'),(2,'română','0'),(3,'engleză','1'),(4,'multilingv','0'),(5,'Datele lipsesc','0');

--
-- Table structure for table `table_membership_imi`
--

CREATE TABLE `table_membership_imi` (
  `membership_code` int(10) unsigned NOT NULL auto_increment,
  `membership_name` char(45) NOT NULL,
  `country_code` int(10) unsigned NOT NULL default '0',
  `is_validated` enum('0','1') NOT NULL default '0',
  PRIMARY KEY  (`membership_code`)
) ENGINE=InnoDB AUTO_INCREMENT=6 DEFAULT CHARSET=utf8;

--
-- Dumping data for table `table_membership_imi`
--

INSERT INTO `table_membership_imi` VALUES (1,'Nu are titlu',1,'0'),(2,'Membru titular al Academiei de Ştiinţe',3,'0'),(3,'Membru corespondent al Academiei de Ştiinţe',3,'0'),(4,'Membru de onoare al Academiei de Ştiinţe',3,'0'),(5,'Doctor Honoris Causa',3,'0');

--
-- Table structure for table `table_membership_imi_person`
--

CREATE TABLE `table_membership_imi_person` (
  `record_code` int(10) unsigned NOT NULL auto_increment,
  `person_code` int(10) unsigned NOT NULL default '0',
  `membership_code` int(10) unsigned NOT NULL default '0',
  `received_date` date NOT NULL default '1900-01-01',
  `is_validated` enum('0','1') NOT NULL default '0',
  PRIMARY KEY  (`record_code`)
) ENGINE=InnoDB AUTO_INCREMENT=24 DEFAULT CHARSET=utf8;

--
-- Dumping data for table `table_membership_imi_person`
--

INSERT INTO `table_membership_imi_person` VALUES (20,1,5,'2006-12-13','0'),(21,1,2,'2006-12-13','0'),(22,1,4,'2006-12-13','0'),(23,1,1,'2006-12-13','0');

--
-- Table structure for table `table_nationality`
--

CREATE TABLE `table_nationality` (
  `nationality_code` int(10) unsigned NOT NULL auto_increment,
  `nationality_name` char(32) NOT NULL,
  `is_validated` enum('0','1') NOT NULL default '0',
  PRIMARY KEY  (`nationality_code`)
) ENGINE=InnoDB AUTO_INCREMENT=5 DEFAULT CHARSET=utf8;

--
-- Dumping data for table `table_nationality`
--

INSERT INTO `table_nationality` VALUES (1,'datele lipsesc','0'),(2,'Rusia','0'),(3,'Republica Moldova','0'),(4,'Ucraina','0');

--
-- Table structure for table `table_outside_person`
--

CREATE TABLE `table_outside_person` (
  `record_code` int(10) unsigned NOT NULL auto_increment,
  `last_name` char(24) NOT NULL,
  `first_name` char(16) NOT NULL,
  `second_name` char(24) default NULL,
  `title_outside_code_degr` int(10) unsigned NOT NULL default '0',
  `title_outside_code_scient` int(10) unsigned NOT NULL default '0',
  `title_outside_code_pedag` int(10) unsigned NOT NULL default '0',
  `speciality_code` int(10) unsigned NOT NULL default '0',
  `domain_for_titlu_code` int(10) unsigned NOT NULL default '0',
  `speciality_foreign_code` int(10) unsigned NOT NULL default '0',
  `domain_foreign_code` int(10) unsigned NOT NULL default '0',
  `institution_code` int(10) unsigned NOT NULL default '0',
  `is_validated` enum('0','1') NOT NULL default '0',
  PRIMARY KEY  (`record_code`)
) ENGINE=InnoDB AUTO_INCREMENT=17 DEFAULT CHARSET=utf8;

--
-- Dumping data for table `table_outside_person`
--

INSERT INTO `table_outside_person` VALUES (1,'Arnautov','Vladimir',NULL,3,4,8,13,1,1,1,150,'0'),(2,'Baltag','Valeriu',NULL,4,7,3,17,2,2,2,153,'0'),(3,'Beliavscaia','Galina',NULL,7,8,4,4,3,3,3,123,'0'),(4,'Bogatencov','Petru',NULL,8,3,7,8,4,1,1,156,'0'),(5,'Ţurcanu','Vasile','Fiodor PhD physician',10,0,0,0,0,0,0,0,'0'),(6,'Puiu','Sergiu','Victor',0,0,0,0,0,0,0,0,'0'),(7,'Axionov','Vladimir',NULL,11,2,6,1,1,4,4,42,'0'),(8,'Melnic','Victoria',NULL,10,2,6,1,1,4,4,42,'0'),(9,'Mironenco','Elena',NULL,10,2,6,1,1,4,4,42,'0'),(10,'Ciobanu-Suhomlin','Irina',NULL,10,2,7,1,1,4,4,42,'0'),(11,'Cervoneac','Margareta',NULL,10,2,7,1,1,4,4,42,'0'),(12,'Chiriac','Mirela',NULL,14,12,13,0,0,0,0,43,'0'),(13,'Cociug','Victoria',NULL,10,0,0,0,0,0,0,44,'0'),(14,'Ganea','Victoria',NULL,10,0,0,0,0,0,0,44,'0'),(15,'Maxim','Ion',NULL,10,0,0,0,0,0,0,43,'0'),(16,'Paşalî','Piotr',NULL,14,12,13,0,0,0,0,43,'0');

--
-- Table structure for table `table_person`
--

CREATE TABLE `table_person` (
  `person_code` int(10) unsigned NOT NULL auto_increment,
  `last_name` char(64) NOT NULL,
  `first_name` char(16) NOT NULL,
  `second_name` char(24) NOT NULL,
  `birth_date` date default NULL,
  `sex_code` int(10) unsigned NOT NULL default '3',
  `nationality_code` int(10) unsigned default '0',
  `phone` varchar(16) character set ascii default 'datele lipsesc',
  `fax` varchar(16) character set ascii default 'datele lipsesc',
  `email` char(100) default 'datele lipsesc',
  `completed` date default '1900-01-01',
  `is_validated` enum('0','1') NOT NULL default '0',
  PRIMARY KEY  (`person_code`)
) ENGINE=InnoDB AUTO_INCREMENT=102 DEFAULT CHARSET=utf8;

--
-- Dumping data for table `table_person`
--

INSERT INTO `table_person` VALUES (1,'Arnautov','Vladimir','Ivan','1939-07-30',2,3,'+373-22-73-80-35','+373-22-73-80-27','arnautov@math.md','2009-05-06','0'),(2,'Beleavskaia','Galina','Boris','1940-04-19',1,3,'+373-22-73-80-29','+373-22-73-80-27','gbel@math.md','2009-05-06','0'),(3,'Cuzneţov','Eughenii','Alexandr','1964-08-24',2,3,'+373-22-73-80-29','+373-22-73-80-27','ecuz@math.md','2009-05-07','0'),(4,'Raţă','Mefodie','Teodor','1935-10-01',2,3,'+373-22-72-70-59','+373-22-73-80-27','ratsa@math.md','2009-05-12','0'),(5,'Magariu','Galina','Alexandr','1947-12-22',1,3,'+373-22-73-81-10','+373-22-73-80-27','gmagariu@math.md','2009-05-08','0'),(6,'Popa','Mihail','Nicolae','1948-05-15',2,3,'+373-22-72-70-35','+373-22-73-80-27','popam@math.md','2009-05-12','0'),(7,'Boian','Elena','Triflie','1954-05-23',1,3,'+373-22-73-81-10','+373-22-73-80-27','lena@math.md','2009-05-06','0'),(8,'Cojocaru','Svetlana','Chiril','1952-07-26',1,3,'+373-22-72-84-14','+373-22-73-80-27','sveta@math.md','2009-05-07','0'),(9,'Gaindric','Constantin','Victor','1941-09-11',2,3,'+373-22-72-50-12','+373-22-73-80-27','gaindric@math.md','2009-05-08','0'),(10,'Izbaş','Vladimir','Ion','1958-02-26',2,3,'+373-22-73-80-29','+373-22-73-80-27','vizb@math.md','2009-05-08','0'),(11,'Şpac','Natalia','Vasilie','1953-09-01',1,3,'+373-22-73-81-32','+373-22-73-80-27','spacnatali@mail.ru','2009-05-14','0'),(12,'Calin','Iurie','Teodor','1959-04-28',2,3,'+373-22-73-81-07','+373-22-73-80-27','iucalin@yahoo.com','2009-05-07','0'),(13,'Guţul','Ion','Sava','1949-06-04',2,3,'+373-22-73-10-90','+373-22-73-80-27','igutsul@math.md','2009-05-08','0'),(14,'Rudi','Ion','','1967-02-15',2,1,'datele lipsesc','datele lipsesc','datele lipsesc','2009-05-13','0'),(15,'Reabuhin','Iuri','Mihail','1939-02-08',2,3,'+373-22-73-89-87','+373-22-73-80-27','ryab@math.md','2009-05-13','0'),(16,'Caşu','Alexei','Ion','1940-08-20',2,3,'+373-22-73-81-13','+373-22-73-80-27','kashuai@math.md','2009-05-07','0'),(17,'Naval','Ion','','1940-10-10',2,1,'datele lipsesc','datele lipsesc','datele lipsesc','2009-05-12','0'),(18,'Rîbachin','Boris','Piotr','1949-07-03',2,3,'+373-22-73-80-46','+373-22-73-80-27','rybakin@math.md','2009-05-12','0'),(19,'Vulpe','Nicolae','Ion','1949-02-22',2,3,'+373-22-72-70-59','+373-22-73-80-27','nvulpe@gmail.com','2009-05-14','0'),(20,'Drucioc','Dorian','Nicolae','1958-11-04',2,3,'+373-22-33-75-82','+373-22-73-80-27','ddrucioc@math.md','2009-05-08','0'),(21,'Lozovanu','Dmitrii','Dmitrii','1948-11-08',2,3,'+373-22-73-35-83','+373-22-73-80-27','lozovanu@math.md','2009-05-08','0'),(22,'Filippov','Kirill','Mihail','1962-06-15',2,1,'datele lipsesc','datele lipsesc','datele lipsesc','2009-05-08','0'),(23,'Driuma','Valeriu','Semion','1946-07-25',2,3,'+373-22-73-81-07','+373-22-73-80-27','valery@dryuma.com','2009-05-08','0'),(24,'Şcerbacov','Victor','Alexei','1956-10-30',2,3,'+373-22-73-80-29','+373-22-73-80-27','scerb@math.md','2009-05-13','0'),(25,'Pecerschi','Iurie','','1934-06-16',2,1,'datele lipsesc','datele lipsesc','datele lipsesc','2009-05-12','0'),(26,'Cojuhari','Petru','','1950-03-22',2,1,'datele lipsesc','datele lipsesc','pco@math.md','2009-05-07','0'),(27,'Colesnicov','Alexandru','Eugeniu','1947-09-05',2,3,'+373-22-73-80-73','+373-22-73-80-27','kae@math.md','2009-05-07','0'),(28,'Naval','Elvira','Semion','1945-05-08',1,3,'+373-22-73-80-41','+373-22-73-80-27','nvelvira@math.md','2009-05-12','0'),(29,'Zamorzaeva-Orleanskaia','Elizaveta','Alexandr','1954-04-06',1,3,'+373-22-73-10-90','+373-22-73-80-27','zamorzaeva@mcc.md','2009-05-14','0'),(30,'Dovbuş','Piotr','Vasili','1954-06-18',2,3,'+373-22-33-54-53','+373-22-73-80-27','petr_dovbush@mail.ru','2009-05-08','0'),(31,'Secrieru','Grigore','Vasile','1942-06-08',2,3,'+373-22-73-98-27','+373-22-73-80-27','secrieru@cc.acad.md','2009-05-13','0'),(32,'Bogatencov','Petru','Petru','1953-02-14',2,3,'+373-22-73-98-27','+373-22-73-80-27','bogatenc@cc.acad.md','2009-05-06','0'),(33,'Frunză','Valentin','','1946-09-13',2,3,'datele lipsesc','datele lipsesc','datele lipsesc','2009-05-08','0'),(34,'Holban','Efrosinia','Gheorghe','1947-04-22',1,3,'+373-22-73-89-87','+373-22-73-80-27','datele lipsesc','2009-05-12','0'),(35,'Rogojin','Iurie','Vladimir','1949-11-13',2,3,'+373-22-72-74-83','+373-22-73-80-27','rogozhin@math.md','2009-05-13','0'),(36,'Cebanu','Silvia','Constantin','1970-12-24',1,3,'+373-22-72-59-82','+373-22-73-80-27','cebanu_silvia@mail.ru','2009-05-08','0'),(37,'Naidenova','Elena','Vladimir','1980-02-02',1,3,'datele lipsesc','datele lipsesc','helen@from.md','2009-05-13','0'),(38,'Geru','Vitalie','Ion','1978-01-05',2,3,'+373-22-73-81-05','+373-22-73-80-27','vgeru@mail.ru','2009-05-08','0'),(39,'Verlan','Serghei','Victor','1978-08-13',2,3,'datele lipsesc','+373-22-73-80-27','verlan@univ-paris12.fr','2009-05-14','0'),(40,'Boliac','Rodica','Ion','1974-03-14',1,3,'datele lipsesc','+373-22-73-80-27','datele lipsesc','2009-05-06','0'),(41,'Cebotari','Vadim','Petru','1972-05-15',2,3,'+373-22-72-45-63','+373-22-73-80-27','cebotari@math.md','2009-05-07','0'),(42,'Burţeva','Liudmila','Victor','1967-05-05',1,3,'+373-22-73-81-10','+373-22-73-80-27','burtseva@math.md','2009-05-06','0'),(43,'Savinov','Alexandru','Anatolie','1966-01-13',2,1,'datele lipsesc','datele lipsesc','datele lipsesc','2009-05-13','0'),(44,'Şider','Natalia','Ion','1984-01-29',1,3,'+373-22-73-81-05','+373-22-73-80-27','natalia.shider@gmail.com','2009-05-14','0'),(45,'Copanschi','Alexandru','Iacov','1959-01-28',2,1,'datele lipsesc','+373-22-73-80-27','alex@revel.moldova.su','2009-05-08','0'),(46,'Kolesnik','Alexander','Dmitri','1957-12-10',2,3,'+373-22-73-80-46','+373-22-73-80-27','kolesnik@math.md','2009-05-08','0'),(47,'Baltag','Valeriu','Alexei','1957-02-14',2,3,'+373-22-73-81-07','+373-22-73-80-27','vbaltag@yahoo.com','2009-05-06','0'),(48,'Ufnarovschi','Victor','Anatolie','1955-05-21',2,1,'datele lipsesc','datele lipsesc','ufn@maths.lth.se','2009-05-14','0'),(49,'Voloşin','Vitalie','','1954-03-18',2,1,'datele lipsesc','datele lipsesc','vvoloshin@troyst.edu','2009-05-14','0'),(50,'Ciubotaru','Constantin','Ştefan','1949-04-21',2,3,'+373-22-73-80-73','+373-22-73-80-27','chebotar@math.md','2009-05-07','0'),(51,'Şveţ','Natalia','Mihail','1946-11-30',1,3,'datele lipsesc','datele lipsesc','natali@penta.gute.edu.tr','2009-05-13','0'),(52,'Levcenco','Vladimir','','1944-09-30',2,3,'+373-22-79-26-08','datele lipsesc','datele lipsesc','2009-05-08','0'),(53,'Damian','Florin','Liviu','1963-03-06',2,3,'+373-22-54-21-37','+373-22-73-80-27','fl_damian@yahoo.com','2009-05-08','0'),(54,'Popa','Valeriu','Ion','1956-10-23',2,3,'+373-22-73-80-35','+373-22-73-80-27','vpopa@math.md','2009-05-12','0'),(55,'Verlan','Igor','Ion','1959-11-21',2,3,'+373-22-73-81-30','+373-22-73-80-27','iverlan@rambler.ru','2009-05-14','0'),(56,'Soltan','Valeriu','Petru','1951-05-09',2,1,'datele lipsesc','datele lipsesc','vsoltan@gmu.edu','2009-05-13','0'),(57,'Ceban','Vasile','Grigore','1917-02-03',2,1,'datele lipsesc','datele lipsesc','datele lipsesc','2009-05-07','0'),(58,'Mişcoi','Gheorghe','Constantin','1944-01-09',2,3,'+373-22-46-16-54','+373-22-73-80-27','gmiscoi@asm.md','2009-05-08','0'),(59,'Penina','Liudmila','Policarp','1946-07-08',1,3,'+373-22-72-91-30','+373-22-73-80-27','peninal@mail.ru','2009-05-12','0'),(60,'Ivanova','Larisa','Grigorii','1950-10-02',1,3,'+373-22-73-80-71','+373-22-73-80-27','datele lipsesc','2009-05-08','0'),(61,'Reabova','Irina','Vladimir','1973-07-09',1,3,'+373-22-73-80-71','+373-22-73-80-27','datele lipsesc','2009-05-13','0'),(62,'Ivanov','Alexandr','Serghei','1951-06-29',2,3,'+373-22-72-91-33','+373-22-73-80-27','datele lipsesc','2009-05-08','0'),(63,'Doroş','Lidia','Ivan','1986-04-29',1,3,'+373-22-73-80-71','+373-22-73-80-27','ldoros@rambler.ru','2009-05-08','0'),(64,'Botnaru','Serafima','Petru','1983-08-09',1,3,'datele lipsesc','+373-22-73-80-27','datele lipsesc','2009-05-06','0'),(65,'Ionescu','Viorel','Marian','1980-08-02',2,1,'datele lipsesc','datele lipsesc','datele lipsesc','2009-05-08','0'),(66,'Belischii','Alexandr','Anatolii','1985-11-02',2,3,'datele lipsesc','+373-22-73-80-27','datele lipsesc','2009-05-06','0'),(67,'Botnari','Serghei','Victor','1982-03-01',2,3,'datele lipsesc','+373-22-73-80-27','datele lipsesc','2009-05-06','0'),(68,'Gherştega','Natalia','Nicolae','1978-03-29',1,3,'+373-22-72-92-11','+373-22-73-80-27','gherstega@mail.ru','2009-05-08','0'),(69,'Diaconescu','Oxana','Veaceslav','1982-11-16',1,3,'+373-22-72-92-11','+373-22-73-80-27','ksiushaa@mail.ru','2009-05-08','0'),(70,'Bendas','Liudmila','Timofei','1946-08-26',1,3,'+373-22-73-81-07','+373-22-73-80-27','lbendas@gmail.com','2009-05-12','0'),(71,'Orlov','Victor','Mihai','1981-08-25',2,3,'+373-22-72-92-11','+373-22-73-80-27','orlov_victor@mail.ru','2009-05-12','0'),(72,'Bejan','Andrei','Iuri','1979-07-29',2,3,'datele lipsesc','+373-22-73-80-27','a.i.bejan@ma.hw.ac.uk','2009-05-06','0'),(73,'Rastegaev','Artiom','Ghennadi','1981-01-30',2,3,'+373-22-77-75-59','+373-22-73-80-27','rastart@mail.ru','2009-05-12','0'),(74,'Fonoberova','Maria','Alexandr','1983-07-21',1,3,'+373-22-21-21-57','+373-22-73-80-27','fonoberova@gmail.com','2009-05-08','0'),(75,'Culicovschi','Anatolie','Mihail','1950-06-13',2,3,'+373-22-73-80-65','+373-22-73-80-27','aculic@math.md','2009-05-07','0'),(76,'Smolina','Liudmila','Ivan','1955-12-10',1,3,'+373-22-73-80-65','+373-22-73-80-27','lsmol@mail.ru','2009-05-13','0'),(77,'Burcă','Fevronia','Vasile','1946-07-07',1,3,'+373-22-72-95-10','+373-22-73-80-27','burca@math.md','2009-05-06','0'),(78,'Cinic','Boris','Ivan','1935-01-29',2,3,'+373-22-73-81-18','+373-22-73-80-27','bcinic@math.md','2009-05-07','0'),(79,'Popovscaia','Marina','Maricel','1985-01-14',1,3,'+373-22-73-81-05','+373-22-73-80-27','marina.popovscaia@gmail.com','2009-05-12','0'),(80,'Demidova','Valentina','Vladimir','1955-12-11',1,3,'+373-22-73-81-10','+373-22-73-80-27','demidova@math.md','2009-05-08','0'),(81,'Malahov','Liudmila','Andrei','1947-07-22',1,3,'+373-22-73-80-73','+373-22-73-80-27','mal@math.md','2009-05-08','0'),(82,'Verlan','Tatiana','Boris','1962-06-16',1,3,'+373-22-73-81-10','+373-22-73-80-27','tverlan@math.md','2009-05-06','0'),(83,'Bruc','Natalia','Leonid','1984-05-16',1,3,'+373-22-73-81-10','+373-22-73-80-27','natabruc@math.md','2009-05-06','0'),(84,'Tofan','Tatiana','Leonid','1947-07-07',1,3,'+373-22-73-81-32','+373-22-73-80-27','ttofan@math.md','2009-05-05','0'),(85,'Rogojin','Vladimir','Iuri','1982-06-02',2,3,'+373-22-72-74-83','+373-22-73-80-27','vrogozhin@yahoo.com','2009-05-13','0'),(86,'Alhazov','Artiom','Eduard','1979-10-11',2,3,'+373-22-72-74-83','+373-22-73-80-27','aartiom@yahoo.com','2009-05-06','0'),(87,'Matveevici','Artiom','Victor','1984-06-05',2,3,'+373-22-54-32-01','datele lipsesc','amatveevich@yahoo.com','2008-06-05','0'),(88,'Macari','Veaceslav','Vasilie','1980-03-29',2,3,'datele lipsesc','datele lipsesc','vmacari@gmail.com','2009-05-08','0'),(89,'Petic','Mircea','Vasilie','1983-07-04',2,3,'+373-22-73-81-10','+373-22-73-80-27','e-mircea@mail.md','2009-05-12','0'),(90,'Grabov','Eugeniu','Valentin','1980-03-30',2,3,'+373-22-73-81-10','+373-22-73-80-27','datele lipsesc','2009-05-08','0'),(91,'Popcova','Olga','Valerian','1979-04-02',1,3,'+373-22-73-81-30','+373-22-73-80-27','pleapopcova@yahoo.com','2009-05-12','0'),(92,'Secrieru','Iulian','Petru','1971-05-26',2,3,'+373-22-73-81-30','+373-22-73-80-27','secrieru@math.md','2009-05-13','0'),(93,'Burlaca','Oleg','Alexandru','1979-10-20',2,3,'+373-22-51-73-58','+373-22-73-80-27','oburlaca@neonet.md','2009-05-06','0'),(94,'Sologub','Danil','Veaceslav','1976-03-27',2,3,'+373-22-73-81-30','+373-22-73-80-27','danil_sologub@yahoo.com','2009-05-13','0'),(95,'Verlan','Daniel','Igor','1988-07-23',2,3,'+373-22-73-81-30','+373-22-73-80-27','dverlan@gmail.com','2009-05-14','0'),(96,'Papanaga','Victor','Vladimir','1976-02-12',2,3,'datele lipsesc','+373-22-73-80-27','vic_papanaga@yahoo.com','2009-05-12','0'),(97,'Jantuan','Elena','Vladimir','1981-05-09',1,3,'+373-22-73-81-30','+373-22-73-80-27','ejantuan@yahoo.com','2009-05-08','0'),(98,'Rîbac','Olga','Vladimir','1987-03-14',1,3,'+373-22-73-81-30','+373-22-73-80-27','olga_ribac@yahoo.com','2009-05-12','0'),(99,'1 Persoana nu de la IMI','','',NULL,3,1,'datele lipsesc','datele lipsesc','datele lipsesc','1900-01-01','0'),(100,'2 Persoana de la IMI, care nu este prezentată în baza','','','1901-01-01',3,1,'datele lipsesc','datele lipsesc','datele lipsesc','1901-01-01','0'),(101,'3 Persoana, despre care nu se ştie, dacă ea lucrează în IMI','','','1901-01-01',3,1,'datele lipsesc','datele lipsesc','datele lipsesc','1901-01-01','0');

--
-- Table structure for table `table_person_awards`
--

CREATE TABLE `table_person_awards` (
  `record_code` int(10) unsigned NOT NULL auto_increment COMMENT 'код записи',
  `person_code` int(10) unsigned NOT NULL default '1' COMMENT 'ссылка на персону',
  `award_code` int(10) unsigned NOT NULL default '1' COMMENT 'ссылка на код названия награды',
  `award_date` date default NULL COMMENT 'дата присуждения премии. По умолчанию NULL - datele lipsesc',
  `is_validated` enum('0','1') NOT NULL default '0',
  PRIMARY KEY  (`record_code`)
) ENGINE=InnoDB AUTO_INCREMENT=17 DEFAULT CHARSET=utf8 COMMENT='таблица со списком наград для данной персоны';

--
-- Dumping data for table `table_person_awards`
--

INSERT INTO `table_person_awards` VALUES (1,1,6,NULL,'1'),(2,1,7,NULL,'1'),(3,3,14,'1996-01-01','1'),(4,4,7,NULL,'1'),(5,5,12,'1974-01-01','1'),(6,10,15,'1999-01-01','1'),(7,10,15,'1989-01-01','1'),(8,15,9,'1972-01-01','1'),(9,15,6,'1978-01-01','1'),(10,19,12,'1976-01-01','1'),(11,21,10,'1998-01-01','1'),(12,21,8,'1998-01-01','1'),(13,24,15,'1989-01-01','1'),(14,24,15,'1999-01-01','1'),(15,50,16,'1999-01-01','1'),(16,42,13,'1997-01-01','1');

--
-- Table structure for table `table_person_dis_place`
--

CREATE TABLE `table_person_dis_place` (
  `record_code` int(10) unsigned NOT NULL auto_increment,
  `person_code` int(10) unsigned NOT NULL default '0',
  `dis_type_code` int(10) unsigned NOT NULL default '0',
  `language_code` int(10) unsigned NOT NULL default '0',
  `dis_name` char(255) default NULL,
  `dis_name_engl` char(255) default NULL,
  `dis_place_implement_code` int(10) unsigned default NULL,
  `speciality_code` int(10) unsigned default NULL,
  `protection_date` date NOT NULL default '1900-01-01',
  `dis_place_protect_code` int(10) unsigned default NULL,
  `domain_for_titlu_code` int(10) unsigned default NULL,
  `summary` char(255) default NULL,
  `is_validated` enum('0','1') NOT NULL default '0',
  PRIMARY KEY  (`record_code`)
) ENGINE=InnoDB AUTO_INCREMENT=9 DEFAULT CHARSET=utf8;

--
-- Dumping data for table `table_person_dis_place`
--

INSERT INTO `table_person_dis_place` VALUES (1,1,2,2,'Gentoo hhhhh hfghdghfdgh ttt rrr eeeee','Gentoo_english',49,33,'2000-01-10',43,2,'Gentoo Linux hello sdfdsf dsfsd fgfdgfh ggggg 4','0'),(2,1,2,2,'Linux','Linux english',10,18,'1903-01-13',25,2,'Linux super puper rrrrrrrrrrrrrrrrrrrrrrrrrr tert hhhhhh hghfgh fhfghfjhg jdjghjjdfgj gjhgjgjdfgjghj gdfgjghkdgjfgj ghkgdhgfjhyfhjdfgd ghkdghfjkl; jfgdjhklj fgjsh jhf shf dgdhg dsfghshd fgdf fghj','0'),(3,1,3,1,'hello','hello_english',15,18,'1945-03-05',28,2,'Oooooooooooo','0'),(4,47,1,1,'Не приводится','dfgfhgjghjghjkjhkhgj',1,1,'1900-01-01',1,1,'','0'),(5,47,3,1,'lhjkkl;kjl',';;;;;;;;llllllllllkkkkkkkkkkkk',6,21,'1900-01-01',14,2,'hello !!!!','0'),(6,47,3,1,'ljhljkhl','hjl',7,18,'1905-05-07',15,2,'','0'),(7,47,1,1,'','',151,4,'1900-04-01',1,1,'Не приводится','0'),(8,2,1,1,'','',1,1,'1901-01-01',1,1,'','0');

--
-- Table structure for table `table_person_school`
--

CREATE TABLE `table_person_school` (
  `record_code` int(10) unsigned NOT NULL auto_increment,
  `person_code` int(10) unsigned NOT NULL default '0',
  `school_code` int(10) unsigned NOT NULL default '0',
  `graduated` year(4) NOT NULL default '0000',
  `diplom_speciality_code` int(10) unsigned NOT NULL default '0',
  `is_validated` enum('0','1') NOT NULL default '0',
  PRIMARY KEY  (`record_code`)
) ENGINE=InnoDB AUTO_INCREMENT=21 DEFAULT CHARSET=utf8;

--
-- Dumping data for table `table_person_school`
--

INSERT INTO `table_person_school` VALUES (1,29,30,2006,13,'0'),(2,29,16,2000,1,'0'),(4,2,149,2000,4,'0'),(8,29,31,2005,3,'0'),(9,29,1,2006,1,'0'),(11,1,57,2006,1,'0'),(12,1,130,2006,1,'0'),(14,6,10,2000,11,'0'),(15,7,1,2006,1,'0'),(16,7,4,2006,2,'0'),(17,1,100,2006,1,'0'),(18,63,45,2006,1,'0'),(19,63,38,2006,1,'0'),(20,1,1,1901,1,'0');

--
-- Table structure for table `table_person_work_place`
--

CREATE TABLE `table_person_work_place` (
  `record_code` int(11) NOT NULL auto_increment,
  `person_code` int(11) NOT NULL,
  `subdivision_code` int(11) NOT NULL,
  `post_code` int(11) default NULL,
  `work_place_type_code` int(11) NOT NULL,
  `start_date` date default NULL,
  `end_date` date default NULL,
  `part_of_salary` double default NULL,
  `is_validated` enum('0','1') NOT NULL default '0',
  PRIMARY KEY  (`record_code`)
) ENGINE=InnoDB DEFAULT CHARSET=utf8;

--
-- Dumping data for table `table_person_work_place`
--


--
-- Table structure for table `table_post`
--

CREATE TABLE `table_post` (
  `post_code` int(10) unsigned NOT NULL auto_increment,
  `post_type_code` int(11) NOT NULL default '1',
  `post_name` varchar(64) NOT NULL default 'Datele lipsesc',
  `Is_validated` enum('0','1') NOT NULL default '0',
  PRIMARY KEY  (`post_code`)
) ENGINE=InnoDB AUTO_INCREMENT=28 DEFAULT CHARSET=utf8 COMMENT='наименование должности';

--
-- Dumping data for table `table_post`
--

INSERT INTO `table_post` VALUES (1,1,'Datele lipsesc','0'),(2,2,'Datele lipsesc','0'),(3,3,'Datele lipsesc','0'),(4,4,'Datele lipsesc','0'),(5,5,'Datele lipsesc','0'),(6,2,'Colaborator ştiinţific','0'),(7,2,'Colaborator ştiinţific coordonator','0'),(8,2,'Colaborator ştiinţific principal','0'),(9,2,'Colaborator ştiinţific superior','0'),(10,2,'Conferenţiar universitar','0'),(11,2,'Conferenţiar universitar interimar','0'),(13,3,'Director','0'),(14,3,'Director adjunct','0'),(15,3,'Director adjunct pe ştiinţă','0'),(16,3,'Secretar ştiinţific','0'),(17,3,'Şef de laborator','0'),(18,3,'Şef de secţie','0'),(19,4,'inginer','0'),(20,4,'inginer programator','0'),(21,4,'inginer coordonator','0'),(22,4,'inginer principal','0'),(23,5,'Laborant','0'),(24,5,'Contabil şef','0'),(25,5,'Contabil','0'),(26,5,'Economist','0'),(27,5,'Casier','1');

--
-- Table structure for table `table_post_type`
--

CREATE TABLE `table_post_type` (
  `post_type_code` int(10) unsigned NOT NULL auto_increment,
  `post_type_name` varchar(32) default NULL,
  `Is_validated` enum('0','1') default '0',
  PRIMARY KEY  (`post_type_code`)
) ENGINE=InnoDB AUTO_INCREMENT=6 DEFAULT CHARSET=utf8 COMMENT='тип должности: научная, административная, инжинерная и т.д.';

--
-- Dumping data for table `table_post_type`
--

INSERT INTO `table_post_type` VALUES (1,'Datele lipsesc','0'),(2,'ştiinţific','0'),(3,'administrativ','0'),(4,'inginer','0'),(5,'serviciu auxiliar','0');

--
-- Table structure for table `table_project`
--

CREATE TABLE `table_project` (
  `project_code` int(10) unsigned NOT NULL auto_increment COMMENT 'код проекта (ключ - код записи в этой таблице)',
  `project_type_code` int(10) unsigned NOT NULL default '9' COMMENT 'код типа проекта',
  `project_research_type_code` int(10) unsigned NOT NULL default '1' COMMENT 'Код типа исследований в проекте',
  `project_registr_number_in_fond` varchar(64) NOT NULL default 'Datele lipsesc' COMMENT 'Регистрационный номер проекта в основном финансирующем фонде (например 4035, 4032 в STCU и т.д.)',
  `project_state_registr_number` varchar(64) NOT NULL default 'Datele lipsesc' COMMENT 'Государственный регистрационный номер (для локальных проектов)',
  `project_name_rom` varchar(255) NOT NULL default 'Datele lipsesc' COMMENT 'Название проекта (на румынском языке)',
  `project_name_engl` varchar(255) NOT NULL default 'Datele lipsesc' COMMENT 'название проекта на английском языке',
  `project_domain_code` int(10) unsigned NOT NULL default '1' COMMENT 'Код области исследований в проекте',
  `project_strategic_direction_code` int(10) unsigned NOT NULL default '1' COMMENT 'Код стратегического направления исследований в проекте',
  `project_start_date` date default NULL COMMENT 'Начало срока исполнения проекта',
  `project_end_date` date default NULL COMMENT 'Конец срока исполнения проекта',
  `project_coexecutors` varchar(255) default 'Datele lipsesc' COMMENT 'Соисполнители проекта',
  `project_fin_volume` varchar(64) NOT NULL default 'Datele lipsesc' COMMENT 'общий объем финансирования проекта в оригинальной валюте. Если хотим с запятыми и приписываем, в какой валюте. Возможна запись “Datele lipsesc”.',
  `project_fin_volume_mdl` varchar(64) NOT NULL default 'Datele lipsesc' COMMENT 'общий объем финансирования проекта в молдавских леях по курсу на момент начала договора. Если хотим с запятыми и не обязательно приписываем, в какой валюте. Возможна запись “Datele lipsesc”.',
  `project_fin_vol_mold` varchar(64) NOT NULL default 'Datele lipsesc' COMMENT 'какая часть от общего финансирования идет Молдове в оригинальной валюте. Если хотим с запятыми и приписываем, в какой валюте. Возможна запись “Datele lipsesc”.',
  `project_fin_vol_mdl_mold` varchar(64) NOT NULL default 'Datele lipsesc' COMMENT 'какая часть от общего финансирования идет Молдове в молдавских леях по курсу на момент начала договора. Если хотим с запятыми и не обязательно приписываем, в какой валюте. Возможна запись “Datele lipsesc”',
  `project_methods` varchar(1024) NOT NULL default 'Datele lipsesc' COMMENT 'Metode şi echipament utilizate în cercetare (până la 100 de cuvinte)',
  `project_summary_theretic` varchar(1500) NOT NULL default 'Datele lipsesc' COMMENT 'Rezumatul rezultatelor ştiinţifice teoretice (până la 100 de cuvinte) Резюме (ожидаемых/полученных) результатов sau Rezumatul rezultatelor concrete obţinute la realizarea proiectului pentru proiecte din cadrul Programului de Stat',
  `project_summary_applicative` varchar(1024) NOT NULL default 'N/A' COMMENT 'Rezumatul rezultatelor ştiinţifice aplicative (până la 100 de cuvinte)',
  `project_suggestion` varchar(1024) NOT NULL default 'N/A' COMMENT 'Propuneri şi recomandări pentru  implementare',
  `project_beneficiary` varchar(512) NOT NULL default 'Datele lipsesc' COMMENT 'Beneficiarul (ministere, instituţii de stat sau private, întreprinderi, etc.)',
  `is_validated` enum('0','1') NOT NULL default '0',
  PRIMARY KEY  (`project_code`)
) ENGINE=InnoDB AUTO_INCREMENT=12 DEFAULT CHARSET=utf8;

--
-- Dumping data for table `table_project`
--

INSERT INTO `table_project` VALUES (1,2,2,'Datele lipsesc','06.411.004 F ','Cercetări  fundamentale în  structuri  algebrice şi calcule logice,  aplicaţii la  codarea informaţiei','Datele lipsesc',2,2,'2006-01-01','2010-12-31','Datele lipsesc','408,9 mii lei','408,9 mii lei','408,9 mii lei','408,9 mii lei','S-au utilizat:metode ale  logicilor neclasice, ale calculelor propoziţionale, ale algebrelor universale, teoriei automatelor şi matematicii discrete, geometriei şi analizei combinatorice;5 calculatoare Pentium IV, o imprimantă, un scaner  cu  anul de fabricare 2002.','Au fost stabilite condiţiile suficiente pentru expresibilitatea formulelor 1-are şi echivalenţei în modelul algebric cu 8 elemente al logicii modale S5. În bisemigrupul operaţiilor binare definite pe o mulţime arbitrară s-au studiat congruenţele si outomorfizmele. S-au rezolvat unele ecuaţii ce implică ortogonalitatea unor operaţii de anumit tip. S-a dat construcţia E-quasigrupelor şi buclelor speciale izotope F-quasi-grupurilor. În  quasigrupurile primitive cu operaţie nulară, cu ajutorul identităţilor s-au caracterizat quasigrupurile izotope grupurilor (abeliene), quasigrupurile liniare la stânga (dreapta) şi liniare peste un grup. Au fost obţinute condiţii necesare şi suficiente pentru ca o transversală de buclă  la dreapta să fie şi transversală de buclă  la stânga şi reciproc. S-a cercetat partiţia mulţimii tuturor R-izotopiilor între operaţiile de transversală în clase relativ la izomorfism.','Nu sunt','N/A','Consiliul Suprem pentru Ştiinţă şi Dezvoltare Tehnologică, Universităţi, Domenii adiacente ale ştiinţei.','0'),(2,2,2,'Datele lipsesc','06.411.002F','Aplicarea metodelor laticeale la cercetarea topologiilor  în  grupuri şi inele, torsiunilor în module şi varietăţilor hiperbolice','Datele lipsesc',2,2,'2006-01-01','2010-12-31','Datele lipsesc','387,9 mii lei','387,9 mii lei','387,9 mii lei','387,9 mii lei','Au fost utilizate metode clasice din topologie, algebră şi geometrie, combinate cu noi procedee şi idei bazate pe teoria laticelor şi aplicarea lor în cazuri concrete ale unor latice de tip special. Din echipament  au fost utilizate: computere  --  6 (Notebook MSI GX610PX-014 (2008), AMD Athlon 64 X2 6000+ (2008), AMD Athlon 64 3500(250GB) (2007), AMD Athlon 64 3500(160GB) (2007),  Intel Celeron D 2533 Mhz (2004), Intel Celeron 1100 Mhz) (2001); imprimante --  4 (trei HP LaserJet 1020, Epson EPL 5800L).','Au fost descrise proprietăţile isomorfismismului de inel care este restricţie a unui omomorfism izometric al unui inel pseudonormat pe un ideal unilateral al său. Au fost descrise grupurile abeliene local compacte topologic periodice (1)  cu componente topologic p-primare periodice, (2) fără torsiune de rang finit şi (3) dens divizibile de rang finit cu  proprietatea că inelele de endomorfisme continue ale lor sunt inele Zorn.  Au fost descrise grupurile abeliene local compacte fără torsiune, respectiv, dens divizibile ale căror inele de endomorfisme continue sunt π-regulare. A fost precizată relaţia dintre clasele naturale de module şi torsiunile unei categorii de module. Pentru aceasta au fost elaborate două metode de asociere fiecărei clase naturale a unei torsiuni de module,  cercetând din punct de vedere latceal proprietăţile aplicaţiilor obţinute.  Au fost descrise pretorsiunile categoriei R-module stîngi prin operatori de quasiînchidere în laticea idealelor stîngi ale inelului R. A fost construită geometria completării varietăţilor hiperbolice 3-dimensionale incomplete.  Pentru două varietăţi hiperbolice 4-dimensionale, a fost studiat grupul de izometrii  şi geometria caspurilor lui. Pentru toate cele şapte serii numărabile de grupuri de izometrii ale sferei S2 clasificarea descompunerilor nefundamentale normale a fost prezentată sub formă de desene.','Nu sunt','N/A','Consiliul Suprem pentru Cercetare şi Dezvoltare Tehnologică.','0'),(3,2,2,'Datele lipsesc','06.411.003F','Studiul proprietăţilor geometrice şi de grup ale  sistemelor dinamice  neliniare','Datele lipsesc',2,2,'2006-01-01','2010-12-31','Datele lipsesc','393,7  mii lei pentru anul 2008','393,7  mii lei pentru anul 2008','393,7  mii lei pentru anul 2008','393,7  mii lei pentru anul 2008','În cercetări sunt utilizate următoarele metode: teoria invarianţilor algebrici în raport cu diferite grupuri de transformări;  teoria calitativă a ecuaţiilor diferenţiale, metodele algebrelor şi grupurilor Lie, analiza de grup modernă; metodele teoriei spaţiilor Riemann; metodele funcţiilor de mai multe variabile complexe. Este utilizat echipamentul – calculator Pentium 4 - 5 unităţi (anii fabricării 2000 - 2003), imprimantă laser – 2 unităţi (anii fabricării 2006 şi 2007); scaner – o unitate (anul fabricării 2007), Maple 12(Soft licenţiat).','Au fost construite spaţiile de module pentru familia de sisteme pătratice cu patru drepte invariante.  Au fost determinate unele algebre Lie ale operatorilor, admise de sistemele diferenţiale polinomiale de tip Darboux. S-au  construit  şi s—au studiat integralele  invariante în raport cu grupul centroafin şi integralele prime pentru sistemele polinomiale plane de tip Darboux.   Au fost studiate proprietăţile liniilor geodezice şi asimptotice pe extinderi riemanniene ale spaţiilor cu conexiunea afină corespunzătoare sistemelor de ecuaţii de ordinul întîi.  Au fost stabilite condiţiile necesare şi suficiente pentru X-normalitatea funcţiilor olomorfe pe varietăţi complexe','Rezultatele teoretice obţinute în proiect pot fi aplicate la soluţionarea problemelor din alte  domenii ale ştiinţelor naturii - chimiei, biologiei, medicinii, fizicii, economiei şi altele.','N/A','Consiliul Suprem pentru Ştiinţă şi Dezvoltare Tehnologică al A.Ş.M.','0'),(4,2,2,'Datele lipsesc','06.411.001F','Metode deterministe şi stocastice la modelarea sistemelor dinamice complexe','Datele lipsesc',2,2,'2006-01-01','2010-12-31','Datele lipsesc','653,6 mii lei - pentru anul 2008','653,6 mii lei - pentru anul 2008','653,6 mii lei - pentru anul 2008','653,6 mii lei - pentru anul 2008','Modelare matematică, metode moderne numerice de calcul (calculul paralel), controlului optimal, optimizare multicriterială, teoria jocurilor, teoria probabilităţilor şi statisticii matematice, metodele teoriei proceselor aleatoare şi  ecuaţiilor diferenţiale.Pentru analiza metodelor şi algoritmilor s-a folosit metodologia curentă a comlexiraţii de calcul. Este utilizat echipamentul:Calculator personal – 10 unităţi (anii fabricării 1999-2008), Imprimanta HP LaserJet – 1 untatei  (anul fabricării 2003),  Scaner HP scanJet 2400 – 1 unităţi (anul fabricării 2005).','Metodele deterministice şi stochastice existente au fost folosite eficient pentru probleme de dimensiuni mari şi cu descrieri complexe ale dinamicilor obiectelor de cercetare. A fost elaborată metoda reţelei extinse, ce reprezintă o generalizare a metodei programării dinamice pentru problemele de control multicriterial discret. Aceasta metoda s-a utilizat pentru aflarea strategiilor optime în sensul Pareto, Nash şi Stackelberg în problemele de control optimal discret cu mai multre criterii şi cu funcţiile integrale de cost în timp. Metoda nominalizată permite soluţionarea problemei fluxului de cost minim în reţelele dinamice cu mai multe produse. A fost complet soluţionată problema descrierii evoluţiilor marcoviene aleatoare în spaţii Euclid de dimensiuni arbitrare. Au fost calculate momentele mixte ale evoluţiilor marcviene în spaţii Euclid doi şi patru dimensionale.  A fost cercetată creşterea economică constrînsă de balanţa de plăţi.','Modelele şi metodele elaborate pot fi folosite la cercetarea diverselor probleme aplicative ce apar la etapele de planificare şi proiectare a sistemelor dinamice complexe.   Rezultatele cercetărilor publicate în monografie pot fi folosite în procesul de invăţămînt. Au fost create programe de calcul paralel care realizează metoda schemelor încadrate. La rezolvarea ecuaţiei tridimensionale Poisson au fost utilizate clase care completamente descriu structura schemei încadrate. Una din cele mai potrivite metode de construire a atarei scheme pentru rezolvarea problemei colapsului stelar în cazul 3D este metoda AMR (Adaptive Mesh Refinement – metoda preciziei adaptive a schemei cu diferenţe). Metoda şi programa propuse permit de a efectua calcule complexe ale dinamicii gazelor.','N/A','Consiliul Suprem pentru Ştiinţă şi Dezvoltare Tehnologică','0'),(5,2,3,'Datele lipsesc','06.411.005A','Sisteme informatice: teorie şi aplicaţii','Datele lipsesc',2,2,'2006-01-01','2010-12-31','Datele lipsesc','1232,7 mii lei pentru anul 2008','1232,7 mii lei pentru anul 2008','1232,7 mii lei pentru anul 2008','1232,7 mii lei pentru anul 2008','Metode originale şi tradiţionale ale informaticii teoretice şi matematicii discrete, de elaborare a aplicaţiilor Web şi modelare matematică şi computaţională.  Paricipanţii la proiect au utilizat calculatoare personale Sun Blade 2000 (1),   Sun Blade 150 (1), PC-compatibile (5).','S-a construit o reţea hybrid de procesoare evolutive (RHPE) cu 10 noduri care modelează maşinile Post circulare şi s-a demonstrat că această reţea poate genera orice limbaj recursiv enumerabil, ceea ce  soluţionează problema formulată de E.Csuhaj-Varjú, C.Martín-Vide şi V.Mitrana în anul 2005. De asemenea s-a demonstrat că RHPE cu 2 noduri nu este computaţional completă. S-a elaborat structura sistemului-cadru de achiziţionare, structurare, formalizare şi stocare a cunoştinţelor. S-a realizat modulul de validare a cunoştinţelor şi prototipul final al sistemului','S-a realizat modulul de validare a cunoştinţelor şi prototipul final al sistemului de achiziţionare, structurare, formalizare şi stocare a cunoştinţelor. A fost propusă şi realizată o reprezentare alternativă a bazei de cunoştinţe în formă de matrice decizională.  S-au elaborat cursuri electronice model pentru studierea aprofundată a morfologiei limbii române, utilizând instrumente multimedia şi resurse lingvistice reutilizabile (http://imi201.math.md/elrr1).','N/A','Consiliul Suprem pentru Ştiintă şi Dezvoltare Tehnologică','0'),(6,10,2,'Datele lipsesc','07.411.05INDF','Aplicaţiile algebrelor Lie ale operatorilor la sisteme diferenţiale polinomiale în cazul grupului afin de transformări','Datele lipsesc',2,2,'2007-01-01','2008-12-31','Datele lipsesc','75  mii lei pentru anul 2008','75  mii lei pentru anul 2008','75  mii lei pentru anul 2008','75  mii lei pentru anul 2008','În cercetări sunt utilizate următoarele metode: teoria calitativă a ecuaţiilor diferenţiale, metodele algebrelor şi grupurilor Lie, analiza de grup modernă, teoria invarianţilor algebrici în raport cu diferite grupuri de transformări. Este utilizat echipamentul – calculator Pentium 4 - 2 unităţi (anii fabricării 2006 - 2007), imprimantă lazer – o unitate (anul fabricării 2007), scaner – o unitate (anul fabricării 2007), NB ASUS M50Sr (15\" T8100 2048M 250G) 15.4\" WXGA (1280x800) Glare, Intel Core 2 Duo T8100 (2.1GHz), 2Gb (1Gbx2) PC2-5300, 250Gb 5400rpm, Radeon HD3470 256Mb HDMI TV out, DVD-RW, Gbit NIC, 802.11n, IEEE 1394, Bluetooth, 56k modem, Express Card, 4x USB 2.0, Card Reader, 1.3MP Webcam, Windows Vista Home Premium RU, 6-cell Li-Ion Battery, 2.8kg, Bag, Mouse(anul fabricării 2008)','Au fost obţinute condiţiile necesare şi suficiente afin invariante pentru determinarea varietăţilor invariante nesingulare şi singulare  ale sistemului pătratic complet în raport cu grupul Aff(2,R). În aşa fel a fost obţinută clasificarea dimensiunilor Aff(2,R) – orbitelor ale sistemului pătratic complet în raport cu grupul Aff(2,R).','Problemele teoretice cercetate în proiectul actual pot fi  aplicate la soluţionarea problemelor dinamice din  biologie, medicină, fizică şi economie.','N/A','Consiliul Suprem pentru Ştiinţă şi Dezvoltare Tehnologică al A.Ş.M.','0'),(7,10,2,'Datele lipsesc','07.411.13INDF','Problemele fluxurilor multi-produs optime în reţele dinamice şi metodele de soluţionare a lor','Datele lipsesc',2,2,'2007-01-01','2008-12-31','Datele lipsesc','20 mii lei pentru anul 2008','20 mii lei pentru anul 2008','20 mii lei pentru anul 2008','20 mii lei pentru anul 2008','În cercetări sunt utilizate următoarele metode: optimizarea discretă, programarea matematică, programarea dinamică, metodele combinatorice, teoria algoritmilor, complexitatea de calcul Este utilizat echipamentul: Notebook LG LM60-15R Dothan 1.6GHz / 512MB / 60GB / Intel GMA 900 (anul fabricării 2005), Imprimanta HP LaserJet (anul fabricării 2003)','Au fost formulate şi cercetate probleme dinamice de aflare a fluxurilor optime în reţele dinamice cu mai multe produse. Au fost considerate problemele fluxurilor optime în reţelele dinamice când toţi parametrii reţelei depind de timp. Au fost formulate şi soluţionate problemele de aflare a fluxurilor optime pe reţele generalizate care extind modelele precedente prin introducerea factorului de câştig în modele. Au fost propuse şi argumentate metode şi algoritmi pentru soluţionarea lor. Analiza algoritmilor propuşi a fost făcută pe bază metodologiei moderne a complexităţii de calcul. În mediul de programare Visual Studio 2005 a fost elaborat softul pentru soluţionarea problemelor considerate.','Problemele de aflare a fluxurilor optime pe reţele dinamice pot fi folosite la cercetarea şi soluţionarea diverselor probleme practice din domeniile traficului, telecomunicaţiei, teoriei orarelor, repartizării personalului, informaticii.','N/A','Consiliul Suprem pentru Ştiinţă şi Dezvoltare Tehnologică al A.Ş.M.','0'),(8,3,3,'Datele lipsesc','08.815.08.05A','Sistem automatizat de instruire în domeniul examinării ultrasonografice II.	Denumirea Programului de stat Elaborarea suportului ştiinţific şi tehnologic în edificarea societăţii informaţionale în Republica Moldova','Datele lipsesc',2,2,'2008-01-01','2009-12-31','Datele lipsesc','130,0 mii lei pentru anul 2008','130,0 mii lei pentru anul 2008','130,0 mii lei pentru anul 2008','130,0 mii lei pentru anul 2008','Proiectarea sistemelor suport pentru decizii şi de instruire, inteligenţă artificială, grafica cognitivă. Echipament utilizat: 10 calculatoare (anul de fabricare 2005-2007).','A fost creat modulul de achiziţionare a cunoştinţelor. Au fost achiziţionate şi formalizate cunoştinţele necesare pentru descrierea domeniului examinării ultrasonografice. A fost creată baza de cunoştinţe şi reguli. A fost concepută structura bibliotecii cursurilor instructive. A fost elaborat şi creat prototipul unui curs instructiv şi incorporat in biblioteca cursurilor instructive. A fost elaborată matricea decizională pentru crearea în baza acesteea a interfeţei sistemului. A fost elaborat prototipul interfeţei intelectuale a sistemului.','N/A','În anul 2009, după finalizarea proiectului,  va fi propus un proiect de transfer tehnologic care va finaliza cu implementarea sistemului. Realizarea proiectului propus va permite creşterea semnificativă a numărului de specialişti in domeniului examinării ultrasonografice cu un nivel mai înalt de calificare, fapt ce va contribui la îmbunătăţirea diagnosticării şi tratamentului pacienţilor.','SMF “Nicolae Testemiţeanu”, specialişti din unităţile medico-sanitare dotate cu scanere ultrasonografice.','0'),(9,3,3,'Datele lipsesc','08.815.08.03A',' Elaborarea suportului ştiinţific şi tehnologic în edificarea societăţii informaţionale în Republica Moldova','Datele lipsesc',2,2,'2008-01-01','2009-12-31','Datele lipsesc','120 mii lei pentru anul 2008','120 mii lei pentru anul 2008','120 mii lei pentru anul 2008','120 mii lei pentru anul 2008','Calculatoare personale','Au  fost efectuate: Proiectarea portalului, bazei de date şi  selectarea informaţiei pentru versiunea test, Completarea  bazei de date cu informaţia-test,  design-ul portalului, proiectarea  instrumentarului. ','N/A','Nu sunt','Acces public;  Academia de muzică, teatru şi arte platice','0'),(10,3,2,'Datele lipsesc','08.815.08.01A','Sistem informaţional pentru managementul ştiinţific al instituţiei de cercetare','Datele lipsesc',2,2,'2008-01-01','2009-12-31','Nu sunt','Datele lipsesc','Datele lipsesc','Datele lipsesc','Datele lipsesc','Datele lipsesc','Datele lipsesc','N/A','Nu sunt','Datele lipsesc','0'),(11,3,2,'Datele lipsesc','07.411.02.06PA ','Ridicarea rolului şi eficienţei investiţiilor de stat în creşterea economică durabilă','Datele lipsesc',2,2,'2008-01-01','2009-12-31','Nu sunt','Datele lipsesc','Datele lipsesc','Datele lipsesc','Datele lipsesc','Datele lipsesc','Datele lipsesc','N/A','N/A','Datele lipsesc','0');

--
-- Table structure for table `table_project_by_years`
--

CREATE TABLE `table_project_by_years` (
  `record_code` int(10) unsigned NOT NULL auto_increment,
  `project_code` int(10) unsigned NOT NULL default '1',
  `year` year(4) default '2009' COMMENT 'год, по которому отчитываются по проекту',
  `project_fin_volume` decimal(10,1) unsigned NOT NULL default '0.0' COMMENT 'объем финансирования на указанный год, в молдавских леях, в тысячах лей',
  `project_methods` varchar(1024) NOT NULL default 'Datele lipsesc',
  `project_summary_theoretic` varchar(1024) NOT NULL default 'Datele lipsesc' COMMENT 'Rezumatul rezultatelor ştiinţifice teoretice sau Rezumatul rezultatelor concrete obţinute la realizarea proiectului pentru proiecte din cadrul Programului de Stat',
  `project_summary_applicative` varchar(1024) NOT NULL default 'Datele lipsesc',
  `project_suggestion` varchar(1024) NOT NULL default 'N/A' COMMENT 'Propuneri şi recomandări pentru  implementare',
  `project_beneficiary` varchar(512) NOT NULL default 'Datele lipsesc',
  `is_validated` enum('0','1') NOT NULL default '0',
  PRIMARY KEY  (`record_code`),
  KEY `project_code` (`project_code`)
) ENGINE=InnoDB AUTO_INCREMENT=11 DEFAULT CHARSET=utf8 COMMENT='информация о проекте по годам';

--
-- Dumping data for table `table_project_by_years`
--

INSERT INTO `table_project_by_years` VALUES (1,1,2008,'408.9','S-au utilizat:metode ale  logicilor neclasice, ale calculelor propoziţionale, ale algebrelor universale, teoriei automatelor şi matematicii discrete, geometriei şi analizei combinatorice;5 calculatoare Pentium IV, o imprimantă, un scaner  cu  anul de fabricare 2002.','Au fost stabilite condiţiile suficiente pentru expresibilitatea formulelor 1-are şi echivalenţei în modelul algebric cu 8 elemente al logicii modale S5. În bisemigrupul operaţiilor binare definite pe o mulţime arbitrară s-au studiat congruenţele si outomorfizmele. S-au rezolvat unele ecuaţii ce implică ortogonalitatea unor operaţii de anumit tip. S-a dat construcţia E-quasigrupelor şi buclelor speciale izotope F-quasi-grupurilor. În  quasigrupurile primitive cu operaţie nulară, cu ajutorul identităţilor s-au caracterizat quasigrupurile izotope grupurilor (abeliene), quasigrupurile liniare la stânga (dreapta) şi liniare peste un grup. Au fost obţinute condiţii necesare şi suficiente pentru ca o transversală de buclă  la dreapta să fie şi transversală de buclă  la stânga şi reciproc. S-a cercetat partiţia mulţimii tuturor R-izotopiilor între operaţiile de transversală în clase relativ la izomorfism.','Nu sunt','N/A','Consiliul Suprem pentru Ştiinţă şi Dezvoltare Tehnologică, Universităţi, Domenii adiacente ale ştiinţei.','0'),(2,2,2008,'387.9','Au fost utilizate metode clasice din topologie, algebră şi geometrie, combinate cu noi procedee şi idei bazate pe teoria laticelor şi aplicarea lor în cazuri concrete ale unor latice de tip special. Din echipament  au fost utilizate: computere  --  6 (Notebook MSI GX610PX-014 (2008), AMD Athlon 64 X2 6000+ (2008), AMD Athlon 64 3500(250GB) (2007), AMD Athlon 64 3500(160GB) (2007),  Intel Celeron D 2533 Mhz (2004), Intel Celeron 1100 Mhz) (2001); imprimante --  4 (trei HP LaserJet 1020, Epson EPL 5800L).','Au fost descrise proprietăţile isomorfismismului de inel care este restricţie a unui omomorfism izometric al unui inel pseudonormat pe un ideal unilateral al său. Au fost descrise grupurile abeliene local compacte topologic periodice (1)  cu componente topologic p-primare periodice, (2) fără torsiune de rang finit şi (3) dens divizibile de rang finit cu  proprietatea că inelele de endomorfisme continue ale lor sunt inele Zorn.  Au fost descrise grupurile abeliene local compacte fără torsiune, respectiv, dens divizibile ale căror inele de endomorfisme continue sunt π-regulare. A fost precizată relaţia dintre clasele naturale de module şi torsiunile unei categorii de module. Pentru aceasta au fost elaborate două metode de asociere fiecărei clase naturale a unei torsiuni de module,  cercetând din punct de vedere latceal proprietăţile aplicaţiilor obţinute.  Au fost descrise pretorsiunile categoriei R-module stîngi prin operatori de quasiînchidere în laticea idealelor stîngi ale inelului R. A fost construită geom','Nu sunt','N/A','Consiliul Suprem pentru Cercetare şi Dezvoltare Tehnologică.','0'),(3,3,2008,'393.7','În cercetări sunt utilizate următoarele metode: teoria invarianţilor algebrici în raport cu diferite grupuri de transformări;  teoria calitativă a ecuaţiilor diferenţiale, metodele algebrelor şi grupurilor Lie, analiza de grup modernă; metodele teoriei spaţiilor Riemann; metodele funcţiilor de mai multe variabile complexe. Este utilizat echipamentul – calculator Pentium 4 - 5 unităţi (anii fabricării 2000 - 2003), imprimantă laser – 2 unităţi (anii fabricării 2006 şi 2007); scaner – o unitate (anul fabricării 2007), Maple 12(Soft licenţiat).','Au fost construite spaţiile de module pentru familia de sisteme pătratice cu patru drepte invariante.  Au fost determinate unele algebre Lie ale operatorilor, admise de sistemele diferenţiale polinomiale de tip Darboux. S-au  construit  şi s—au studiat integralele  invariante în raport cu grupul centroafin şi integralele prime pentru sistemele polinomiale plane de tip Darboux.   Au fost studiate proprietăţile liniilor geodezice şi asimptotice pe extinderi riemanniene ale spaţiilor cu conexiunea afină corespunzătoare sistemelor de ecuaţii de ordinul întîi.  Au fost stabilite condiţiile necesare şi suficiente pentru X-normalitatea funcţiilor olomorfe pe varietăţi complexe','Rezultatele teoretice obţinute în proiect pot fi aplicate la soluţionarea problemelor din alte  domenii ale ştiinţelor naturii - chimiei, biologiei, medicinii, fizicii, economiei şi altele.','N/A','Consiliul Suprem pentru Ştiinţă şi Dezvoltare Tehnologică al A.Ş.M.','0'),(4,4,2008,'653.6','Modelare matematică, metode moderne numerice de calcul (calculul paralel), controlului optimal, optimizare multicriterială, teoria jocurilor, teoria probabilităţilor şi statisticii matematice, metodele teoriei proceselor aleatoare şi  ecuaţiilor diferenţiale.Pentru analiza metodelor şi algoritmilor s-a folosit metodologia curentă a comlexiraţii de calcul. Este utilizat echipamentul:Calculator personal – 10 unităţi (anii fabricării 1999-2008), Imprimanta HP LaserJet – 1 untatei  (anul fabricării 2003),  Scaner HP scanJet 2400 – 1 unităţi (anul fabricării 2005).','Metodele deterministice şi stochastice existente au fost folosite eficient pentru probleme de dimensiuni mari şi cu descrieri complexe ale dinamicilor obiectelor de cercetare. A fost elaborată metoda reţelei extinse, ce reprezintă o generalizare a metodei programării dinamice pentru problemele de control multicriterial discret. Aceasta metoda s-a utilizat pentru aflarea strategiilor optime în sensul Pareto, Nash şi Stackelberg în problemele de control optimal discret cu mai multre criterii şi cu funcţiile integrale de cost în timp. Metoda nominalizată permite soluţionarea problemei fluxului de cost minim în reţelele dinamice cu mai multe produse. A fost complet soluţionată problema descrierii evoluţiilor marcoviene aleatoare în spaţii Euclid de dimensiuni arbitrare. Au fost calculate momentele mixte ale evoluţiilor marcviene în spaţii Euclid doi şi patru dimensionale.  A fost cercetată creşterea economică constrînsă de balanţa de plăţi.','Modelele şi metodele elaborate pot fi folosite la cercetarea diverselor probleme aplicative ce apar la etapele de planificare şi proiectare a sistemelor dinamice complexe.   Rezultatele cercetărilor publicate în monografie pot fi folosite în procesul de invăţămînt. Au fost create programe de calcul paralel care realizează metoda schemelor încadrate. La rezolvarea ecuaţiei tridimensionale Poisson au fost utilizate clase care completamente descriu structura schemei încadrate. Una din cele mai potrivite metode de construire a atarei scheme pentru rezolvarea problemei colapsului stelar în cazul 3D este metoda AMR (Adaptive Mesh Refinement – metoda preciziei adaptive a schemei cu diferenţe). Metoda şi programa propuse permit de a efectua calcule complexe ale dinamicii gazelor.','N/A','Consiliul Suprem pentru Ştiinţă şi Dezvoltare Tehnologică','0'),(5,5,2008,'1232.7','Metode originale şi tradiţionale ale informaticii teoretice şi matematicii discrete, de elaborare a aplicaţiilor Web şi modelare matematică şi computaţională.  Paricipanţii la proiect au utilizat calculatoare personale Sun Blade 2000 (1),   Sun Blade 150 (1), PC-compatibile (5).','S-a construit o reţea hybrid de procesoare evolutive (RHPE) cu 10 noduri care modelează maşinile Post circulare şi s-a demonstrat că această reţea poate genera orice limbaj recursiv enumerabil, ceea ce  soluţionează problema formulată de E.Csuhaj-Varjú, C.Martín-Vide şi V.Mitrana în anul 2005. De asemenea s-a demonstrat că RHPE cu 2 noduri nu este computaţional completă. S-a elaborat structura sistemului-cadru de achiziţionare, structurare, formalizare şi stocare a cunoştinţelor. S-a realizat modulul de validare a cunoştinţelor şi prototipul final al sistemului','S-a realizat modulul de validare a cunoştinţelor şi prototipul final al sistemului de achiziţionare, structurare, formalizare şi stocare a cunoştinţelor. A fost propusă şi realizată o reprezentare alternativă a bazei de cunoştinţe în formă de matrice decizională.  S-au elaborat cursuri electronice model pentru studierea aprofundată a morfologiei limbii române, utilizând instrumente multimedia şi resurse lingvistice reutilizabile (http://imi201.math.md/elrr1).','N/A','Consiliul Suprem pentru Ştiintă şi Dezvoltare Tehnologică','0'),(6,6,2008,'75.0','În cercetări sunt utilizate următoarele metode: teoria calitativă a ecuaţiilor diferenţiale, metodele algebrelor şi grupurilor Lie, analiza de grup modernă, teoria invarianţilor algebrici în raport cu diferite grupuri de transformări. Este utilizat echipamentul – calculator Pentium 4 - 2 unităţi (anii fabricării 2006 - 2007), imprimantă lazer – o unitate (anul fabricării 2007), scaner – o unitate (anul fabricării 2007), NB ASUS M50Sr (15\" T8100 2048M 250G) 15.4\" WXGA (1280x800) Glare, Intel Core 2 Duo T8100 (2.1GHz), 2Gb (1Gbx2) PC2-5300, 250Gb 5400rpm, Radeon HD3470 256Mb HDMI TV out, DVD-RW, Gbit NIC, 802.11n, IEEE 1394, Bluetooth, 56k modem, Express Card, 4x USB 2.0, Card Reader, 1.3MP Webcam, Windows Vista Home Premium RU, 6-cell Li-Ion Battery, 2.8kg, Bag, Mouse(anul fabricării 2008)','Au fost obţinute condiţiile necesare şi suficiente afin invariante pentru determinarea varietăţilor invariante nesingulare şi singulare  ale sistemului pătratic complet în raport cu grupul Aff(2,R). În aşa fel a fost obţinută clasificarea dimensiunilor Aff(2,R) – orbitelor ale sistemului pătratic complet în raport cu grupul Aff(2,R).','Problemele teoretice cercetate în proiectul actual pot fi  aplicate la soluţionarea problemelor dinamice din  biologie, medicină, fizică şi economie.','N/A','Consiliul Suprem pentru Ştiinţă şi Dezvoltare Tehnologică al A.Ş.M.','0'),(7,7,2008,'20.0','În cercetări sunt utilizate următoarele metode: optimizarea discretă, programarea matematică, programarea dinamică, metodele combinatorice, teoria algoritmilor, complexitatea de calcul Este utilizat echipamentul: Notebook LG LM60-15R Dothan 1.6GHz / 512MB / 60GB / Intel GMA 900 (anul fabricării 2005), Imprimanta HP LaserJet (anul fabricării 2003)','Au fost formulate şi cercetate probleme dinamice de aflare a fluxurilor optime în reţele dinamice cu mai multe produse. Au fost considerate problemele fluxurilor optime în reţelele dinamice când toţi parametrii reţelei depind de timp. Au fost formulate şi soluţionate problemele de aflare a fluxurilor optime pe reţele generalizate care extind modelele precedente prin introducerea factorului de câştig în modele. Au fost propuse şi argumentate metode şi algoritmi pentru soluţionarea lor. Analiza algoritmilor propuşi a fost făcută pe bază metodologiei moderne a complexităţii de calcul. În mediul de programare Visual Studio 2005 a fost elaborat softul pentru soluţionarea problemelor considerate.','Problemele de aflare a fluxurilor optime pe reţele dinamice pot fi folosite la cercetarea şi soluţionarea diverselor probleme practice din domeniile traficului, telecomunicaţiei, teoriei orarelor, repartizării personalului, informaticii.','N/A','Consiliul Suprem pentru Ştiinţă şi Dezvoltare Tehnologică al A.Ş.M.','0'),(8,8,2008,'130.0','Proiectarea sistemelor suport pentru decizii şi de instruire, inteligenţă artificială, grafica cognitivă. Echipament utilizat: 10 calculatoare (anul de fabricare 2005-2007).','A fost creat modulul de achiziţionare a cunoştinţelor. Au fost achiziţionate şi formalizate cunoştinţele necesare pentru descrierea domeniului examinării ultrasonografice. A fost creată baza de cunoştinţe şi reguli. A fost concepută structura bibliotecii cursurilor instructive. A fost elaborat şi creat prototipul unui curs instructiv şi incorporat in biblioteca cursurilor instructive. A fost elaborată matricea decizională pentru crearea în baza acesteea a interfeţei sistemului. A fost elaborat prototipul interfeţei intelectuale a sistemului.','N/A','În anul 2009, după finalizarea proiectului,  va fi propus un proiect de transfer tehnologic care va finaliza cu implementarea sistemului. Realizarea proiectului propus va permite creşterea semnificativă a numărului de specialişti in domeniului examinării ultrasonografice cu un nivel mai înalt de calificare, fapt ce va contribui la îmbunătăţirea diagnosticării şi tratamentului pacienţilor.','SMF “Nicolae Testemiţeanu”, specialişti din unităţile medico-sanitare dotate cu scanere ultrasonografice.','0'),(9,9,2008,'120.0','Calculatoare personale','Au  fost efectuate: Proiectarea portalului, bazei de date şi  selectarea informaţiei pentru versiunea test, Completarea  bazei de date cu informaţia-test,  design-ul portalului, proiectarea  instrumentarului. ','N/A','Nu sunt','Acces public;  Academia de muzică, teatru şi arte platice','0'),(10,10,2008,'110.0','Calculotoare personale','A fost cercetată informaţia necesară pentru rapoartele de cercetare despre activitatea ştiinţifică a instituţiei şi a colaboratorilor. A fost elaborată concepţia generală şi structura tabelelor principale ale bazei de date a instituţiei de cercetare.','N/A','Nu sunt','Administraţia şi colaboratorii  instituţiilor de cercetare','0');

--
-- Table structure for table `table_project_domain`
--

CREATE TABLE `table_project_domain` (
  `project_domain_code` int(10) unsigned NOT NULL auto_increment COMMENT 'Код области исследований в проекте (ключ)',
  `project_domain_name` varchar(255) NOT NULL default 'Datele lipsesc' COMMENT 'Название области исследований в проекте',
  `project_domain_shifr` varchar(32) default 'Datele lipsesc' COMMENT 'Шифр области исследований в проекте',
  `is_validated` enum('0','1') NOT NULL default '0' COMMENT 'признак проверены ли и утверждены данные ответственным административным лицом: 0 - нет, 1 - да',
  PRIMARY KEY  (`project_domain_code`)
) ENGINE=InnoDB AUTO_INCREMENT=3 DEFAULT CHARSET=utf8 COMMENT='область исследований в проекте';

--
-- Dumping data for table `table_project_domain`
--

INSERT INTO `table_project_domain` VALUES (1,'Datele lipsesc','Datele lipsesc','0'),(2,'Ştiinţe naturale şi exacte','01','0');

--
-- Table structure for table `table_project_financing`
--

CREATE TABLE `table_project_financing` (
  `record_code` int(11) NOT NULL auto_increment,
  `project_code` int(10) unsigned NOT NULL default '0',
  `financing_type` enum('basic','confinancing') NOT NULL,
  `fin_fond_code` int(10) unsigned NOT NULL default '0',
  `sum` int(11) NOT NULL,
  `currency_code` int(10) unsigned NOT NULL default '0',
  `sum_mdl` int(10) unsigned NOT NULL default '0',
  `is_validated` enum('0','1') NOT NULL default '0',
  PRIMARY KEY  (`record_code`)
) ENGINE=InnoDB DEFAULT CHARSET=utf8;

--
-- Dumping data for table `table_project_financing`
--


--
-- Table structure for table `table_project_participation`
--

CREATE TABLE `table_project_participation` (
  `record_code` int(11) NOT NULL auto_increment,
  `person_type` enum('de la instituţie','nu de la instituţie') NOT NULL default 'de la instituţie',
  `person_code` int(11) NOT NULL,
  `project_code` int(10) unsigned NOT NULL,
  `project_participation_type_code` int(10) unsigned NOT NULL,
  `start_date` date NOT NULL default '0000-00-00',
  `end_date` date NOT NULL default '0000-00-00',
  `is_validated` enum('0','1') NOT NULL default '0',
  PRIMARY KEY  (`record_code`)
) ENGINE=InnoDB AUTO_INCREMENT=120 DEFAULT CHARSET=utf8;

--
-- Dumping data for table `table_project_participation`
--

INSERT INTO `table_project_participation` VALUES (1,'de la instituţie',4,1,1,'2006-01-01','0000-00-00','0'),(2,'de la instituţie',15,1,4,'2006-01-01','0000-00-00','0'),(3,'de la instituţie',2,1,4,'2006-01-01','0000-00-00','0'),(4,'de la instituţie',3,1,4,'2006-01-01','0000-00-00','0'),(5,'de la instituţie',10,1,4,'2006-01-01','0000-00-00','0'),(6,'de la instituţie',24,1,4,'2006-01-01','0000-00-00','0'),(7,'de la instituţie',41,1,4,'2006-01-01','0000-00-00','0'),(8,'de la instituţie',67,1,4,'2006-01-01','0000-00-00','0'),(9,'de la instituţie',16,2,1,'2006-01-01','0000-00-00','0'),(10,'de la instituţie',1,2,4,'2006-01-01','0000-00-00','0'),(11,'de la instituţie',54,2,4,'2006-01-01','0000-00-00','0'),(12,'de la instituţie',13,2,4,'2006-01-01','0000-00-00','0'),(13,'de la instituţie',53,2,4,'2006-01-01','0000-00-00','0'),(14,'de la instituţie',29,2,4,'2006-01-01','0000-00-00','0'),(15,'de la instituţie',64,2,4,'2006-01-01','0000-00-00','0'),(16,'de la instituţie',65,2,4,'2006-01-01','0000-00-00','0'),(17,'de la instituţie',66,2,4,'2006-01-01','0000-00-00','0'),(18,'de la instituţie',22,2,4,'2006-01-01','0000-00-00','0'),(19,'de la instituţie',19,3,1,'2006-01-01','0000-00-00','0'),(20,'de la instituţie',6,3,4,'2006-01-01','0000-00-00','0'),(21,'de la instituţie',30,3,4,'2006-01-01','0000-00-00','0'),(22,'de la instituţie',23,3,4,'2006-01-01','0000-00-00','0'),(23,'de la instituţie',12,3,4,'2006-01-01','0000-00-00','0'),(24,'de la instituţie',47,3,4,'2006-01-01','0000-00-00','0'),(25,'de la instituţie',68,3,4,'2006-01-01','0000-00-00','0'),(26,'de la instituţie',69,3,4,'2006-01-01','0000-00-00','0'),(27,'de la instituţie',71,3,4,'2006-01-01','0000-00-00','0'),(28,'de la instituţie',21,4,1,'2006-01-01','0000-00-00','0'),(29,'de la instituţie',74,4,4,'2006-01-01','0000-00-00','0'),(30,'de la instituţie',38,4,4,'2006-01-01','0000-00-00','0'),(31,'de la instituţie',20,4,4,'2006-01-01','0000-00-00','0'),(32,'de la instituţie',28,4,4,'2006-01-01','0000-00-00','0'),(33,'de la instituţie',77,4,4,'2006-01-01','0000-00-00','0'),(34,'de la instituţie',78,4,4,'2006-01-01','0000-00-00','0'),(35,'de la instituţie',75,4,4,'2006-01-01','0000-00-00','0'),(36,'de la instituţie',76,4,4,'2006-01-01','0000-00-00','0'),(37,'de la instituţie',79,4,4,'2006-01-01','0000-00-00','0'),(38,'de la instituţie',18,4,4,'2006-01-01','0000-00-00','0'),(39,'de la instituţie',58,4,4,'2006-01-01','0000-00-00','0'),(40,'de la instituţie',72,4,4,'2006-01-01','0000-00-00','0'),(41,'de la instituţie',46,4,4,'2006-01-01','0000-00-00','0'),(42,'de la instituţie',31,4,4,'2006-01-01','0000-00-00','0'),(43,'de la instituţie',73,4,4,'2006-01-01','0000-00-00','0'),(44,'de la instituţie',50,5,1,'2006-01-01','0000-00-00','0'),(45,'de la instituţie',5,5,4,'2006-01-01','0000-00-00','0'),(46,'de la instituţie',8,5,4,'2006-01-01','0000-00-00','0'),(47,'de la instituţie',35,5,4,'2006-01-01','0000-00-00','0'),(48,'de la instituţie',27,5,4,'2006-01-01','0000-00-00','0'),(49,'de la instituţie',7,5,4,'2006-01-01','0000-00-00','0'),(50,'de la instituţie',80,5,4,'2006-01-01','0000-00-00','0'),(51,'de la instituţie',81,5,4,'2006-01-01','0000-00-00','0'),(52,'de la instituţie',42,5,4,'2006-01-01','0000-00-00','0'),(53,'de la instituţie',82,5,4,'2006-01-01','0000-00-00','0'),(54,'de la instituţie',86,5,4,'2006-01-01','0000-00-00','0'),(55,'de la instituţie',84,5,4,'2006-01-01','0000-00-00','0'),(56,'de la instituţie',39,5,4,'2006-01-01','0000-00-00','0'),(57,'de la instituţie',85,5,4,'2006-01-01','0000-00-00','0'),(58,'de la instituţie',90,5,4,'2006-01-01','0000-00-00','0'),(59,'de la instituţie',67,5,4,'2006-01-01','0000-00-00','0'),(60,'de la instituţie',87,5,4,'2006-01-01','0000-00-00','0'),(61,'de la instituţie',89,5,4,'2006-01-01','0000-00-00','0'),(62,'de la instituţie',83,5,4,'2006-01-01','0000-00-00','0'),(63,'de la instituţie',88,5,4,'2006-01-01','0000-00-00','0'),(64,'de la instituţie',32,5,4,'2006-01-01','0000-00-00','0'),(65,'de la instituţie',9,5,4,'2006-01-01','0000-00-00','0'),(66,'de la instituţie',55,5,4,'2006-01-01','0000-00-00','0'),(67,'de la instituţie',93,5,4,'2006-01-01','0000-00-00','0'),(68,'de la instituţie',92,5,4,'2006-01-01','0000-00-00','0'),(69,'de la instituţie',91,5,4,'2006-01-01','0000-00-00','0'),(70,'de la instituţie',97,5,4,'2006-01-01','0000-00-00','0'),(71,'de la instituţie',94,5,4,'2006-01-01','0000-00-00','0'),(72,'de la instituţie',98,5,4,'2006-01-01','0000-00-00','0'),(73,'de la instituţie',96,5,4,'2006-01-01','0000-00-00','0'),(74,'de la instituţie',95,5,4,'2006-01-01','0000-00-00','0'),(75,'de la instituţie',68,6,1,'2007-01-01','2008-12-31','0'),(76,'de la instituţie',69,6,4,'2007-01-01','2008-12-31','0'),(77,'de la instituţie',71,6,4,'2007-01-01','2008-12-31','0'),(78,'de la instituţie',74,7,1,'2007-01-01','2008-12-31','0'),(79,'de la instituţie',9,8,1,'2008-01-01','2009-12-31','0'),(80,'de la instituţie',8,8,4,'2008-01-01','2009-12-31','0'),(81,'de la instituţie',92,8,4,'2008-01-01','2009-12-31','0'),(82,'nu de la instituţie',6,8,4,'2008-01-01','2009-12-31','0'),(83,'de la instituţie',91,8,4,'2008-01-01','2009-12-31','0'),(84,'nu de la instituţie',5,8,4,'2008-01-01','2009-12-31','0'),(85,'de la instituţie',94,8,4,'2008-01-01','2009-12-31','0'),(86,'de la instituţie',7,8,4,'2008-01-01','2009-12-31','0'),(87,'de la instituţie',97,8,4,'2008-01-01','2009-12-31','0'),(88,'de la instituţie',98,8,4,'2008-01-01','2009-12-31','0'),(89,'de la instituţie',8,9,1,'2008-01-01','2009-12-31','0'),(90,'de la instituţie',27,9,4,'2008-01-01','2009-12-31','0'),(91,'de la instituţie',42,9,4,'2008-01-01','2009-12-31','0'),(92,'de la instituţie',80,9,4,'2008-01-01','2009-12-31','0'),(93,'de la instituţie',81,9,4,'2008-01-01','2009-12-31','0'),(94,'de la instituţie',89,9,4,'2008-01-01','2009-12-31','0'),(95,'nu de la instituţie',7,9,4,'2009-12-31','2009-12-31','0'),(96,'nu de la instituţie',8,9,4,'2008-01-01','2009-12-31','0'),(97,'nu de la instituţie',9,9,4,'2008-01-01','2009-12-31','0'),(98,'nu de la instituţie',10,9,4,'2008-01-01','2009-12-31','0'),(99,'nu de la instituţie',11,9,4,'2008-01-01','2009-12-31','0'),(100,'de la instituţie',5,10,1,'2008-01-01','2009-12-31','0'),(101,'de la instituţie',7,10,4,'2008-01-01','2009-12-31','0'),(102,'de la instituţie',50,10,4,'2008-01-01','2009-12-31','0'),(103,'de la instituţie',82,10,4,'2008-01-01','2009-12-31','0'),(104,'de la instituţie',83,10,4,'2008-01-01','2009-12-31','0'),(105,'de la instituţie',84,10,4,'2008-01-01','2009-12-31','0'),(106,'de la instituţie',88,10,4,'2008-01-01','2009-12-31','0'),(107,'de la instituţie',90,10,4,'2008-01-01','2009-12-31','0'),(108,'de la instituţie',93,10,4,'2008-01-01','2009-12-31','0'),(109,'de la instituţie',36,10,4,'2008-01-01','2009-12-31','0'),(110,'de la instituţie',28,11,1,'2008-01-01','2009-12-31','0'),(111,'de la instituţie',20,11,4,'2008-01-01','2009-12-31','0'),(112,'de la instituţie',38,11,4,'2008-01-01','2009-12-31','0'),(113,'de la instituţie',74,11,4,'2008-01-01','2009-12-31','0'),(114,'de la instituţie',76,11,4,'2008-01-01','2009-12-31','0'),(115,'nu de la instituţie',12,11,4,'2008-01-01','2009-12-31','0'),(116,'nu de la instituţie',13,11,4,'2008-01-01','2009-12-31','0'),(117,'nu de la instituţie',14,11,4,'2008-01-01','2009-12-31','0'),(118,'nu de la instituţie',15,11,4,'2008-01-01','2009-12-31','0'),(119,'nu de la instituţie',16,11,4,'2008-01-01','2009-12-31','0');

--
-- Table structure for table `table_project_participation_type`
--

CREATE TABLE `table_project_participation_type` (
  `project_participation_type_code` int(11) NOT NULL auto_increment,
  `project_participation_type_name` char(64) NOT NULL,
  `is_validated` enum('0','1') NOT NULL default '0',
  PRIMARY KEY  (`project_participation_type_code`)
) ENGINE=InnoDB AUTO_INCREMENT=5 DEFAULT CHARSET=utf8;

--
-- Dumping data for table `table_project_participation_type`
--

INSERT INTO `table_project_participation_type` VALUES (1,'conducător','0'),(2,'coordonator','0'),(3,'manager','0'),(4,'executant','0');

--
-- Table structure for table `table_project_research_type`
--

CREATE TABLE `table_project_research_type` (
  `project_research_type_code` int(10) unsigned NOT NULL auto_increment,
  `project_research_type_name` varchar(32) NOT NULL default 'Datele lipsesc' COMMENT 'Название типа исследований в проекте',
  `is_validated` enum('0','1') NOT NULL default '0',
  PRIMARY KEY  (`project_research_type_code`)
) ENGINE=InnoDB AUTO_INCREMENT=4 DEFAULT CHARSET=utf8 COMMENT='Тип исследований в проекте';

--
-- Dumping data for table `table_project_research_type`
--

INSERT INTO `table_project_research_type` VALUES (1,'Datele lipsesc','0'),(2,'cercetări fundamentale','0'),(3,'cercetări aplicative','0');

--
-- Table structure for table `table_project_strategic_direction`
--

CREATE TABLE `table_project_strategic_direction` (
  `project_strategic_direction_code` int(10) unsigned NOT NULL auto_increment,
  `project_strategic_direction_name` varchar(255) NOT NULL default 'Datele lipsesc',
  `is_validated` enum('0','1') NOT NULL default '0',
  PRIMARY KEY  (`project_strategic_direction_code`)
) ENGINE=InnoDB AUTO_INCREMENT=3 DEFAULT CHARSET=utf8 COMMENT='стратегическое направление исследований в проекте';

--
-- Dumping data for table `table_project_strategic_direction`
--

INSERT INTO `table_project_strategic_direction` VALUES (1,'Datele lipsesc','0'),(2,'16.08. Valorificarea resurselor umane, naturale şi informaţionale pentru dezvoltarea durabilă a economiei ţării','0');

--
-- Table structure for table `table_project_type`
--

CREATE TABLE `table_project_type` (
  `project_type_code` int(11) NOT NULL auto_increment,
  `project_type_name` char(64) NOT NULL,
  `is_validated` enum('0','1') NOT NULL default '0',
  PRIMARY KEY  (`project_type_code`)
) ENGINE=InnoDB AUTO_INCREMENT=11 DEFAULT CHARSET=utf8;

--
-- Dumping data for table `table_project_type`
--

INSERT INTO `table_project_type` VALUES (1,'program de stat','0'),(2,'instituţional','0'),(3,'în cadrul programului de stat','0'),(4,'internaţional','0'),(5,'pentru tineri cercetători','0'),(6,'pentru procurarea echipamentului ştiinţific','0'),(7,'de inovare şi transfer tehnologic','0'),(8,'Contract ştiinţific','0'),(9,'Datele lipsesc','0'),(10,'proiectul independent','0');

--
-- Table structure for table `table_publication2`
--

CREATE TABLE `table_publication2` (
  `publication_code` int(10) unsigned NOT NULL auto_increment,
  `publication_type_code` int(10) unsigned NOT NULL default '0',
  `if_foreign_code` int(10) unsigned default NULL,
  `publication_name` char(200) NOT NULL,
  `collection_name_code` int(10) unsigned default NULL,
  `volume` char(16) NOT NULL default 'datele lipsesc',
  `number` char(16) NOT NULL default 'datele lipsesc',
  `year` char(16) NOT NULL default 'datele lipsesc',
  `page_from` char(14) default NULL,
  `page_to` char(16) NOT NULL default 'datele lipsesc',
  `editor_code` int(10) unsigned NOT NULL default '0',
  `language_code` int(10) unsigned default '5' COMMENT 'язык публикации',
  `is_validated` enum('0','1') NOT NULL default '0',
  PRIMARY KEY  (`publication_code`)
) ENGINE=InnoDB AUTO_INCREMENT=80 DEFAULT CHARSET=utf8 ROW_FORMAT=FIXED;

--
-- Dumping data for table `table_publication2`
--

INSERT INTO `table_publication2` VALUES (1,1,NULL,'datele lipsesc',NULL,'n/a','n/a','datele lipsesc',NULL,'datele lipsesc',0,5,'0'),(3,8,3,'Применение ЭВМ для оптимизации маршрутов автоперевозок',2,'n/a','n/a','1964','11','11',7,1,'1'),(5,8,3,'Обобщенная программа для распределительных методов линейного программирования',4,'n/a','n/a','1965','55','55',7,1,'1'),(7,8,3,'Определение возраста образцов по заданному набору микрофауны',6,'n/a','n/a','1965','17','17',7,1,'1'),(8,8,3,'О вероятности ошибки при использовании итеративного кода',6,'n/a','n/a','1965','14','14',7,1,'1'),(10,9,3,'Учет частичной симметричности булевых функций при синтезе логических схем',9,'n/a','n/a','1965','51','54',22,1,'1'),(12,8,3,'Сообщение о трансляторе ЛЯПАС- 1',11,'n/a','n/a','1966','8','8',7,1,'1'),(14,8,3,'О вероятности появления необнаруженной ошибки при передаче некоторых кодов по двоичному симметрично-марковскому каналу',13,'n/a','n/a','1965','6','6',23,1,'1'),(16,8,3,'О продолжении квазигрупп',15,'n/a','n/a','1968','31','31',24,1,'1'),(18,2,3,'Сжатие квазигрупп. I',17,'n/a','1','1970','6','12',25,1,'1'),(19,2,3,'Сжатие квазигрупп. II',17,'n/a','3','1970','3','11',25,1,'1'),(21,3,3,'Цепно-изотопные квазигруппы',20,'V','2','1970','13','27',25,1,'1'),(22,3,3,'Обобщенное продолжение квазигрупп',20,'V','2','1970','27','47',25,1,'1'),(24,5,3,'Алгоритмы решения некоторых задач теории квазигрупп',23,'n/a','n/a','1970','20','30',25,1,'1'),(25,3,3,'S-Системы произвольного индекса. I',20,'VII','1','1972','27','43',25,1,'1'),(26,3,3,'S-Системы произвольного индекса. II',20,'VII','2','1972','3','13',25,1,'1'),(27,3,3,'О полусимметрических квазигруппах Стейна',20,'VII','3','1972','231','237',25,1,'1'),(28,3,3,'Изотопия А-квазигрупп',20,'VIII','1','1973','3','19',25,1,'1'),(30,5,3,'О представлении суперпозиций n-арных операций с помощью деревьев',29,'n/a','n/a','1973','52','58',25,1,'1'),(32,8,3,'S-системы квазигрупп',31,'n/a','n/a','1973','257','257',1,1,'1'),(34,3,3,'Сплетение квазигрупп при помощи попарно уравновешенных блок-схем',33,'n/a','3','1974','49','53',26,1,'1'),(35,3,3,'S-Системы квазигрупп',20,'IX','2','1974','10','18',25,1,'1'),(36,2,3,'Взаимосвязь некоторых условий замыкания в к-сетях',17,'n/a','2','1974','44','51',25,1,'1'),(38,10,2,'О полных S-системах',37,'n/a','n/a','1974','15','15',27,5,'1'),(39,3,3,'О допустимости квазигрупп',20,'X','1','1974','45','57',25,1,'1'),(40,3,3,'r-Ортогональные квазигруппы. I',20,'X','39','1976','45','57',25,1,'1'),(41,3,3,'r-Ортогональные квазигруппы. II',20,'datele lipsesc','43','1977','39','49',25,1,'1'),(42,3,3,'О частичной допустимости квазигрупп',20,'X','43','1974','50','58',25,1,'1'),(44,10,2,'On some combinatorial questions of the theory of quasigroups',43,'n/a','n/a','1976','62','62',1,3,'1'),(45,2,3,'Допустимые n-арные квазигруппы. I',17,'n/a','2','1977','14','21',25,1,'1'),(47,11,2,'About admissibility of n-ary quasigroups',46,'n/a','n/a','1976','101','119',28,3,'1'),(48,3,3,'Допустимые n-арные квазигруппы. II',20,'n/a','51','1979','27','37',25,1,'1'),(49,3,3,'Построение (n-2)-ортогональных квазигрупп четного порядка n, n0(mod3)',20,'n/a','51','1979','23','26',25,1,'1'),(51,8,3,'О спектре частичной допустимости квазигрупп',50,'1','n/a','1981','16','16',13,1,'1'),(52,3,3,'О спектре частичной ортогональности квазигрупп малых порядков',20,'n/a','66','1982','7','14',25,1,'1'),(54,2,3,'О спектре частичной допустимости конечных квазигрупп (латинских квадратов)',53,'32','6','1982','777','788',11,1,'1'),(56,10,2,'Различные типы допустимости n-арных квазигрупп, их связь с ортогональностью',55,'n/a','n/a','1982','10','10',29,3,'1'),(57,3,3,'О частично ортогональных квазигруппах и системах квазигрупп',20,'n/a','71','1983','25','33',25,1,'1'),(59,8,3,'К теории расширений квазигрупп',58,'2','n/a','1983','22','22',4,1,'1'),(60,3,3,'Скрещенное произведение квазигрупп и его использование для построения частично ортогональных квазигрупп',20,'n/a','85','1985','26','38',25,1,'1'),(62,8,3,'О прямых разложениях квазигрупп',61,'n/a','n/a','1985','50','50',7,1,'1'),(63,3,3,'Прямые разложения квазигрупп',20,'n/a','95','1987','23','38',25,1,'1'),(65,8,3,'Центр квазигруппы и полные прямые разложения квазигрупп с идемпотентом',64,'1','n/a','1987','33','33',30,1,'1'),(66,3,3,'Пополнение группы и построение ортогональных квазигрупп порядка 3t+i, i=0,1,2, t2,6, c ортогональными подквазигруппами порядка t',20,'n/a','95','1987','39','52',25,1,'1'),(67,16,3,'Левое, правое и среднее ядра и центр квазигруппы',NULL,'n/a','n/a','1988','','42',25,1,'1'),(68,3,3,'Ядра и центр квазигруппы',20,'n/a','102','1988','37','52',25,1,'1'),(69,3,3,'Т-квазигруппы и центр квазигруппы',20,'n/a','111','1989','24','43',25,1,'1'),(70,3,3,'Полные прямые разложения квазигрупп с идемпотентом',20,'n/a','113','1990','21','37',25,1,'1'),(71,3,3,'Валентин Данилович Белоусов (1925-1988)',20,'n/a','113','1990','3','13',25,1,'1'),(72,23,3,'Латинские квадраты, квазигруппы и их приложения',NULL,'n/a','n/a','1989','','80',25,1,'1'),(73,2,3,'Об одном классе самоортогональных n-группоидов',17,'n/a','2','1989','25','30',25,1,'1'),(75,10,2,'Об одной эквивалентности в квазигруппах',74,'n/a','n/a','1989','15','15',12,1,'1'),(76,10,2,'К понятию центра в квазигруппе',74,'n/a','n/a','1989','14','14',12,1,'1'),(78,10,2,'About some questions of quasigroup theory',77,'n/a','n/a','1989','2','2',31,3,'1'),(79,10,2,'Regular mappings and nuclei of quasigroups',77,'n/a','n/a','1989','3','3',31,3,'1');

--
-- Table structure for table `table_publication_name_in_other_languages`
--

CREATE TABLE `table_publication_name_in_other_languages` (
  `record_code` int(11) NOT NULL,
  `publication_code` int(11) NOT NULL,
  `language_code` int(11) NOT NULL,
  `publication_name` char(200) NOT NULL,
  `is_validated` enum('0','1') NOT NULL default '0',
  PRIMARY KEY  (`record_code`)
) ENGINE=InnoDB DEFAULT CHARSET=utf8;

--
-- Dumping data for table `table_publication_name_in_other_languages`
--


--
-- Table structure for table `table_publication_type3`
--

CREATE TABLE `table_publication_type3` (
  `publication_type_code` int(10) unsigned NOT NULL auto_increment,
  `collection_type_code` int(11) unsigned NOT NULL,
  `publication_type_name` char(61) NOT NULL,
  `is_validated` enum('0','1') NOT NULL default '0',
  PRIMARY KEY  (`publication_type_code`)
) ENGINE=InnoDB AUTO_INCREMENT=36 DEFAULT CHARSET=utf8 ROW_FORMAT=FIXED;

--
-- Dumping data for table `table_publication_type3`
--

INSERT INTO `table_publication_type3` VALUES (1,33,'Datele lipsesc','0'),(2,26,'Articol ştiinţific în revistă recenziată','0'),(3,28,'Articol ştiinţific în culegere recenziată','0'),(4,27,'Articol ştiinţific în revistă nerecenziată','0'),(5,29,'Articol ştiinţific în culegere nerecenziată','0'),(6,33,'Monografie','0'),(7,6,'Capitol în monografie','0'),(8,12,'Teza ale referatelor la conferinţe naţionale','0'),(9,13,'Lucrarea (proceeding) la conferinţe naţionale','0'),(10,14,'Teza ale referatelor la conferinţe internaţionale','0'),(11,15,'Lucrarea (proceeding) la conferinţe internaţionale','0'),(16,33,'Preprint','0'),(17,33,'Material didactic','0'),(18,33,'Ciclu de prelegeri','0'),(19,33,'Manual','0'),(20,33,'Traducerea cărţii','0'),(21,33,'Dicţionar','0'),(22,33,'Ghid','0'),(23,33,'Cartea ştiinţifico-populară','0'),(24,33,'Enciclopedie','0'),(25,33,'Broşură','0'),(26,33,'Revista recenziată','0'),(27,33,'Revista nerecenziată','0'),(28,33,'Culegere recenziată','0'),(29,33,'Culegere nerecenziată','0'),(30,33,'Deponarea în ВИНИТИ','0'),(31,33,'Raport tehnic recenzat','0'),(32,33,'Raport tehnic nerecenzat','0'),(33,20,'Traducerea capitolului în cartea','0'),(34,31,'Capitol în raport tehnic recenzat','0'),(35,32,'Capitol în raport tehnic nerecenzat','0');

--
-- Table structure for table `table_school`
--

CREATE TABLE `table_school` (
  `school_code` int(10) unsigned NOT NULL auto_increment,
  `city_code` int(10) unsigned NOT NULL default '0',
  `school_name` char(200) NOT NULL,
  `is_validated` enum('0','1') NOT NULL default '0',
  PRIMARY KEY  (`school_code`)
) ENGINE=InnoDB AUTO_INCREMENT=31 DEFAULT CHARSET=utf8 ROW_FORMAT=FIXED;

--
-- Dumping data for table `table_school`
--

INSERT INTO `table_school` VALUES (1,1,'Datele lipsesc','1'),(2,2,'Datele lipsesc','1'),(3,3,'Datele lipsesc','1'),(4,4,'Datele lipsesc','1'),(5,5,'Datele lipsesc','1'),(6,6,'Datele lipsesc','1'),(7,7,'Datele lipsesc','1'),(8,8,'Datele lipsesc','1'),(9,9,'Datele lipsesc','1'),(10,10,'Datele lipsesc','1'),(11,11,'Datele lipsesc','1'),(12,12,'Datele lipsesc','1'),(13,13,'Datele lipsesc','1'),(14,14,'Datele lipsesc','1'),(15,15,'Datele lipsesc','1'),(16,16,'Datele lipsesc','1'),(17,17,'Datele lipsesc','1'),(18,18,'Datele lipsesc','1'),(19,19,'Datele lipsesc','1'),(20,20,'Datele lipsesc','1'),(21,11,'Institutul de Fizico-Inginerie','1'),(22,7,'Institutul de Stat al Artelor','1'),(23,17,'Institutul Pedagogic de Stat','1'),(24,14,'Universitatea de Stat','1'),(25,18,'Universitatea de Stat \"Alecu Russo\" din Bălţi','1'),(26,11,'Universitatea de Stat \"M.V.Lomonosov\"','1'),(27,7,'Universitatea de Stat din Moldova','1'),(28,7,'Universitatea Pedagogică de Stat  \"I.Creangă\"','1'),(29,9,'Universitatea Pedagogică de Stat \"T. Şevcenco\"','1'),(30,7,'Universitatea Tehnică','1');

--
-- Table structure for table `table_sex`
--

CREATE TABLE `table_sex` (
  `sex_code` int(10) unsigned NOT NULL auto_increment,
  `sex_name` char(16) NOT NULL default 'datele lipsesc',
  `is_validated` enum('0','1') NOT NULL default '0',
  PRIMARY KEY  (`sex_code`)
) ENGINE=InnoDB AUTO_INCREMENT=4 DEFAULT CHARSET=utf8 ROW_FORMAT=FIXED;

--
-- Dumping data for table `table_sex`
--

INSERT INTO `table_sex` VALUES (1,'feminin','0'),(2,'masculin','0'),(3,'datele lipsesc','0');

--
-- Table structure for table `table_speciality`
--

CREATE TABLE `table_speciality` (
  `record_code` int(10) unsigned NOT NULL auto_increment,
  `subdomain_code` int(10) unsigned NOT NULL default '0',
  `speciality_name` char(200) NOT NULL,
  `is_validated` enum('0','1') NOT NULL default '0',
  PRIMARY KEY  (`record_code`)
) ENGINE=InnoDB AUTO_INCREMENT=49 DEFAULT CHARSET=utf8 ROW_FORMAT=FIXED;

--
-- Dumping data for table `table_speciality`
--

INSERT INTO `table_speciality` VALUES (1,1,'Datele lipsesc','0'),(2,2,'Datele lipsesc','0'),(3,3,'Datele lipsesc','0'),(4,3,'01.01.01 Analiză matematică','0'),(5,3,'01.01.02 Ecuaţii diferenţiale','0'),(6,3,'01.01.04 Geometrie şi topologie','0'),(7,3,'01.01.05 Teoria probabilităţilor şi statistica matematică','0'),(8,3,'01.01.06 Logică matematică, algebră şi teoria numerelor','0'),(9,3,'01.01.07 Matematica de calcul','0'),(10,3,'01.01.08 Teoria algoritmilor şi matematică discretă','0'),(11,3,'01.01.09 Cibernetică matematică şi cercetări operaţionale','0'),(12,4,'Datele lipsesc','0'),(13,4,'01.05.01 Bazele teoretice ale informaticii; programarea calculatoarelor','0'),(14,4,'01.05.02 Organizarea şi programarea proceselor de calcul','0'),(15,4,'01.05.03 Tehnologii informaţionale','0'),(16,4,'01.05.04 Modelare matematică, metode matematice, produse program','0'),(17,4,'01.05.05 Sisteme informaţionale','0'),(18,5,'Datele lipsesc','0'),(19,6,'Datele lipsesc','0'),(20,6,'05.01.01 Geometrie aplicată, grafică inginerească','0'),(21,7,'Datele lipsesc','0'),(22,7,'05.13.01 Teoria sistemelor şi prelucrare a informaţiei','0'),(23,7,'05.13.05 Elemente şi dispozitive ale tehnicii de calcul şi ale sistemelor de comandă','0'),(24,7,'05.13.07 Automatizarea şi gestionarea proceselor tehnologice (pe ramuri)','0'),(25,7,'05.13.12 Proiectare asistată de calculator','0'),(26,7,'05.13.13 Calculatoare, sisteme de calcul şi reţele informaţionale & 05.13.13 Maşini, complexe, sisteme şi reţele de calcul','0'),(27,8,'Datele lipsesc','0'),(28,8,'05.27.01 Electronica corpului solid, microelectronică, nanoelectronică','0'),(29,8,'05.27.02 Electronica cu vid şi cu plasmă','0'),(30,8,'05.27.03 Electronică cuantică şi optoelectronică','0'),(31,8,'05.27.05 Dispozitive radioelectronice integrate','0'),(32,8,'05.27.06 Tehnologia semiconductorilor şi a materialelor tehnicii electronice','0'),(33,9,'Datele lipsesc','0'),(34,10,'Datele lipsesc','0'),(35,10,'08.00.01 Economie politică; doctrine economice','0'),(36,10,'08.00.05 Economie şi management (în ramură)','0'),(37,10,'08.00.06 Marketing; logistică','0'),(38,10,'08.00.10 Finanţe; monedă; credit','0'),(39,10,'08.00.11 Statistică economică','0'),(40,10,'08.00.12 Contabilitate; audit; analiză economică','0'),(41,10,'08.00.13 Metode economico-matematice','0'),(42,10,'08.00.14 Economie mondială; relaţii economice internaţionale','0'),(43,11,'01.02.01 Mecanica teoretică','0'),(44,11,'01.02.04 Mecanica corpului solid deformabil','0'),(45,11,'01.02.05 Mecanica lichidului, gazului şi plasmei','0'),(46,12,'01.04.06 Acustică','0'),(47,7,'05.13.11 Asigurarea matematică şi de program a maşinilor, complexelor, sistemelor şi reţelelor de calcul','0'),(48,7,'05.13.16 Aplicarea tehnicii de calcul, modelării matematice şi metodelor matematice în cercetările ştiinţifice (pe domeniile ştiinţei)','0');

--
-- Table structure for table `table_speciality_foreign`
--

CREATE TABLE `table_speciality_foreign` (
  `speciality_foreign_code` int(10) unsigned NOT NULL auto_increment,
  `speciality_foreign_name` char(50) NOT NULL default 'N/A',
  `is_validated` enum('0','1') NOT NULL default '0',
  PRIMARY KEY  (`speciality_foreign_code`)
) ENGINE=InnoDB AUTO_INCREMENT=5 DEFAULT CHARSET=utf8 ROW_FORMAT=FIXED;

--
-- Dumping data for table `table_speciality_foreign`
--

INSERT INTO `table_speciality_foreign` VALUES (1,'xxx-Calculatoare','0'),(2,'xxx-Cibernetică şi informatică economică','0'),(3,'xxx-Economie generală','0'),(4,'N/A','0');

--
-- Table structure for table `table_subdivisions`
--

CREATE TABLE `table_subdivisions` (
  `subdivision_code` int(10) unsigned NOT NULL auto_increment,
  `division_code` int(10) unsigned NOT NULL default '1' COMMENT 'код секции, к которой относится лаборатория',
  `subdivision_name` varchar(64) NOT NULL default 'Datele lipsesc' COMMENT 'название лаборатории',
  `start_date` date default NULL COMMENT 'дата создания лаборатории: NULL означает Datele lipsesc, 0000-00-00 означает до настоящего времени (не должно быть в этом поле)',
  `end_date` date default '0000-00-00' COMMENT 'дата ликвидации лаборатории: NULL означает Datele lipsesc, 0000-00-00 означает до настоящего времени',
  `is_validated` enum('0','1') NOT NULL default '0' COMMENT 'признак проверены ли и утверждены данные ответственным административным лицом: 0 - нет, 1 - да',
  PRIMARY KEY  (`subdivision_code`)
) ENGINE=InnoDB AUTO_INCREMENT=16 DEFAULT CHARSET=utf8 COMMENT='список лабораторий учреждения';

--
-- Dumping data for table `table_subdivisions`
--

INSERT INTO `table_subdivisions` VALUES (1,1,'Datele lipsesc',NULL,'0000-00-00','0'),(2,2,'Laboratorul Algebra şi Topologie',NULL,'0000-00-00','0'),(3,3,'Laboratorul Algebra şi logica matematică',NULL,NULL,'0'),(4,2,'Laboratorul Modelare Matematică',NULL,'0000-00-00','0'),(5,3,'Laboratorul Topologie şi Geometrie',NULL,NULL,'0'),(6,3,'Laboratorul Ecuaţii Diferenţiale',NULL,NULL,'0'),(7,4,'Laboratorul Analiză Numerică şi Probabilitate',NULL,NULL,'0'),(8,4,'Laboratorul Modelare Matematică şi Optimizare',NULL,'0000-00-00','0'),(9,5,'Laboratorul Sisteme de Programare',NULL,'0000-00-00','0'),(10,2,'Laboratorul Sisteme de Programare',NULL,'0000-00-00','0'),(11,5,'Laboratorul Sisteme Informatice',NULL,'0000-00-00','0'),(12,2,'Laboratorul Sisteme Informatice',NULL,'0000-00-00','0'),(13,2,'Laboratorul Ecuaţii Diferenţiale',NULL,'0000-00-00','0'),(14,6,'Informaţia se referă la nivelul \"Diviziunea\" în total',NULL,'0000-00-00','0'),(15,7,'Informaţia se referă la nivelul \"Diviziunea\" în total',NULL,'0000-00-00','0');

--
-- Table structure for table `table_subdomain`
--

CREATE TABLE `table_subdomain` (
  `subdomain_code` int(10) unsigned NOT NULL auto_increment,
  `domain_code` int(10) unsigned default '0',
  `subdomain_name` char(200) NOT NULL default 'datele lipsesc',
  `is_validated` enum('0','1') NOT NULL default '0',
  PRIMARY KEY  (`subdomain_code`)
) ENGINE=InnoDB AUTO_INCREMENT=13 DEFAULT CHARSET=utf8 ROW_FORMAT=FIXED;

--
-- Dumping data for table `table_subdomain`
--

INSERT INTO `table_subdomain` VALUES (1,1,'Datele lipsesc','0'),(2,2,'Datele lipsesc','0'),(3,2,'01.01.00 Matematica','0'),(4,2,'01.05.00 Informatica','0'),(5,3,'Datele lipsesc','0'),(6,3,'05.01.00 Grafica inginereasca şi computaţionala','0'),(7,3,'05.13.00 Calculatoare şi sisteme de automatizare & 05.13.00 Informatica şi tehnica de calcul şi automatizarea','0'),(8,3,'05.27.00 Electronică','0'),(9,4,'Datele lipsesc','0'),(10,4,'08.00.00 Economie','0'),(11,2,'01.02.00 Mecanica','0'),(12,2,'01.04.00 Fizica','0');

--
-- Table structure for table `table_title_type_imi`
--

CREATE TABLE `table_title_type_imi` (
  `title_type_code` int(10) unsigned NOT NULL auto_increment,
  `title_type_name` char(32) NOT NULL,
  `is_validated` enum('0','1') NOT NULL default '0',
  PRIMARY KEY  (`title_type_code`)
) ENGINE=InnoDB AUTO_INCREMENT=5 DEFAULT CHARSET=utf8 ROW_FORMAT=FIXED;

--
-- Dumping data for table `table_title_type_imi`
--

INSERT INTO `table_title_type_imi` VALUES (1,'Datele lipsesc','0'),(2,'Grad ştiinţific','0'),(3,'Titlu ştiinţific','0'),(4,'Titlu ştiinţifico-didactic','0');

--
-- Table structure for table `table_title_type_outside`
--

CREATE TABLE `table_title_type_outside` (
  `title_type_outside_code` int(10) unsigned NOT NULL auto_increment,
  `title_type_outside_name` char(32) NOT NULL,
  `is_validated` enum('0','1') NOT NULL default '0',
  PRIMARY KEY  (`title_type_outside_code`)
) ENGINE=InnoDB AUTO_INCREMENT=5 DEFAULT CHARSET=utf8;

--
-- Dumping data for table `table_title_type_outside`
--

INSERT INTO `table_title_type_outside` VALUES (1,'Datele lipsesc','0'),(2,'ştiinţific','0'),(3,'pedagogic','0'),(4,'grad ştiinţific','0');

--
-- Table structure for table `table_titles_imi`
--

CREATE TABLE `table_titles_imi` (
  `title_code` int(10) unsigned NOT NULL auto_increment,
  `title_type_code` int(10) unsigned NOT NULL default '0',
  `title_name` char(32) NOT NULL,
  `is_validated` enum('0','1') NOT NULL default '0',
  PRIMARY KEY  (`title_code`)
) ENGINE=InnoDB AUTO_INCREMENT=11 DEFAULT CHARSET=utf8;

--
-- Dumping data for table `table_titles_imi`
--

INSERT INTO `table_titles_imi` VALUES (1,1,'Datele lipsesc','0'),(2,2,'Datele lipsesc','0'),(3,2,'Doctor','0'),(4,2,'Doctor habilitat','0'),(5,3,'Datele lipsesc','0'),(6,3,'Conferenţiar cercetător','0'),(7,3,'Profesor cercetător','0'),(8,4,'Datele lipsesc','0'),(9,4,'Conferenţiar universitar','0'),(10,4,'Profesor universitar','0');

--
-- Table structure for table `table_titles_imi_person`
--

CREATE TABLE `table_titles_imi_person` (
  `record_code` int(10) unsigned NOT NULL auto_increment,
  `person_code` int(10) unsigned NOT NULL default '0',
  `title_code` int(10) unsigned NOT NULL default '0',
  `received_date` date NOT NULL,
  `is_validated` enum('0','1') NOT NULL default '0',
  PRIMARY KEY  (`record_code`)
) ENGINE=InnoDB AUTO_INCREMENT=12 DEFAULT CHARSET=utf8;

--
-- Dumping data for table `table_titles_imi_person`
--

INSERT INTO `table_titles_imi_person` VALUES (5,1,8,'2006-11-24','0'),(6,1,7,'2006-01-17','0'),(7,1,10,'2006-11-17','0'),(8,63,3,'2006-11-24','0'),(10,1,1,'2006-12-12','0'),(11,64,4,'2006-12-13','0');

--
-- Table structure for table `table_titles_outside`
--

CREATE TABLE `table_titles_outside` (
  `title_outside_code` int(10) unsigned NOT NULL auto_increment,
  `title_type_outside_code` int(10) unsigned NOT NULL default '0',
  `title_outside_name` char(32) NOT NULL,
  `is_validated` enum('0','1') NOT NULL default '0',
  PRIMARY KEY  (`title_outside_code`)
) ENGINE=InnoDB AUTO_INCREMENT=15 DEFAULT CHARSET=utf8;

--
-- Dumping data for table `table_titles_outside`
--

INSERT INTO `table_titles_outside` VALUES (1,1,'Datele lipsesc','0'),(2,2,'Datele lipsesc','0'),(3,2,'cercetător ştiinţific superior','0'),(4,2,'membru corespondent','0'),(5,2,'academician','0'),(6,3,'Datele lipsesc','0'),(7,3,'conferenţiar universitar','0'),(8,3,'profesor universitar','0'),(9,4,'Datele lipsesc','0'),(10,4,'doctor','0'),(11,4,'doctor habilitat','0'),(12,2,'Nu este','0'),(13,3,'Nu este','0'),(14,4,'Nu este','0');

--
-- Table structure for table `table_work_place_type`
--

CREATE TABLE `table_work_place_type` (
  `work_place_type_code` int(10) unsigned NOT NULL auto_increment COMMENT 'код типа занимаемого сотрудником института поста',
  `work_place_type_name` varchar(64) NOT NULL default 'Datele lipsesc' COMMENT 'название типа занимаемого сотрудником института поста',
  `is_validated` enum('0','1') NOT NULL default '0',
  PRIMARY KEY  (`work_place_type_code`)
) ENGINE=InnoDB AUTO_INCREMENT=4 DEFAULT CHARSET=utf8 COMMENT='тип места работы: основной, по совместительству';

--
-- Dumping data for table `table_work_place_type`
--

INSERT INTO `table_work_place_type` VALUES (1,'Datele lipsesc','0'),(2,'основное место работы','0'),(3,'prin cumul','0');


